CRAN Package Check Results for Package s2

Last updated on 2025-04-30 04:50:18 CEST.

Flavor Version Tinstall Tcheck Ttotal Status Flags
r-devel-linux-x86_64-debian-clang 1.1.7 498.85 68.80 567.65 NOTE
r-devel-linux-x86_64-debian-gcc 1.1.7 382.57 43.30 425.87 NOTE
r-devel-linux-x86_64-fedora-clang 1.1.7 1414.48 NOTE
r-devel-linux-x86_64-fedora-gcc 1.1.7 1153.63 NOTE
r-devel-windows-x86_64 1.1.7 721.00 152.00 873.00 NOTE
r-patched-linux-x86_64 1.1.7 560.69 56.26 616.95 NOTE
r-release-linux-x86_64 1.1.7 556.67 55.88 612.55 NOTE
r-release-macos-arm64 1.1.7 204.00 NOTE
r-release-macos-x86_64 1.1.7 210.00 NOTE
r-release-windows-x86_64 1.1.7 727.00 166.00 893.00 NOTE
r-oldrel-macos-arm64 1.1.7 216.00 NOTE
r-oldrel-macos-x86_64 1.1.7 283.00 NOTE
r-oldrel-windows-x86_64 1.1.7 777.00 210.00 987.00 NOTE

Check Details

Version: 1.1.7
Check: C++ specification
Result: NOTE Specified C++14: please drop specification unless essential Flavors: r-devel-linux-x86_64-debian-clang, r-devel-linux-x86_64-debian-gcc, r-devel-linux-x86_64-fedora-clang, r-devel-linux-x86_64-fedora-gcc, r-devel-windows-x86_64, r-patched-linux-x86_64, r-release-linux-x86_64, r-release-macos-arm64, r-release-macos-x86_64, r-release-windows-x86_64, r-oldrel-macos-arm64, r-oldrel-macos-x86_64, r-oldrel-windows-x86_64

Version: 1.1.7
Check: installed package size
Result: NOTE installed size is 36.5Mb sub-directories of 1Mb or more: libs 35.4Mb Flavors: r-oldrel-macos-arm64, r-oldrel-macos-x86_64, r-oldrel-windows-x86_64