CRAN Package Check Results for Package s20x

Last updated on 2025-04-30 04:50:18 CEST.

Flavor Version Tinstall Tcheck Ttotal Status Flags
r-devel-linux-x86_64-debian-clang 3.1-40 5.28 50.03 55.31 NOTE
r-devel-linux-x86_64-debian-gcc 3.1-40 3.75 37.45 41.20 NOTE
r-devel-linux-x86_64-fedora-clang 3.1-40 90.34 NOTE
r-devel-linux-x86_64-fedora-gcc 3.1-40 84.31 NOTE
r-devel-windows-x86_64 3.1-40 6.00 79.00 85.00 NOTE
r-patched-linux-x86_64 3.1-40 6.24 47.66 53.90 NOTE
r-release-linux-x86_64 3.1-40 5.22 47.40 52.62 NOTE
r-release-macos-arm64 3.1-40 28.00 NOTE
r-release-macos-x86_64 3.1-40 52.00 NOTE
r-release-windows-x86_64 3.1-40 6.00 91.00 97.00 NOTE
r-oldrel-macos-arm64 3.1-40 27.00 NOTE
r-oldrel-macos-x86_64 3.1-40 43.00 NOTE
r-oldrel-windows-x86_64 3.1-40 9.00 90.00 99.00 NOTE

Check Details

Version: 3.1-40
Check: Rd files
Result: NOTE checkRd: (-1) ciReg.Rd:10: Lost braces 10 | \item{fit}{an object of class{lm}, i.e. the output from \code{\link{lm}}.} | ^ Flavors: r-devel-linux-x86_64-debian-clang, r-devel-linux-x86_64-debian-gcc, r-devel-linux-x86_64-fedora-clang, r-devel-linux-x86_64-fedora-gcc, r-devel-windows-x86_64, r-patched-linux-x86_64, r-release-linux-x86_64, r-release-macos-arm64, r-release-macos-x86_64, r-release-windows-x86_64, r-oldrel-macos-arm64, r-oldrel-macos-x86_64, r-oldrel-windows-x86_64