Last updated on 2025-02-21 03:52:26 CET.
Flavor | Version | Tinstall | Tcheck | Ttotal | Status | Flags |
---|---|---|---|---|---|---|
r-devel-linux-x86_64-debian-clang | 0.3.0 | 5.33 | 424.68 | 430.01 | OK | |
r-devel-linux-x86_64-debian-gcc | 0.3.0 | 4.36 | 256.32 | 260.68 | OK | |
r-devel-linux-x86_64-fedora-clang | 0.3.0 | 732.80 | OK | |||
r-devel-linux-x86_64-fedora-gcc | 0.3.0 | 731.53 | OK | |||
r-devel-macos-arm64 | 0.3.0 | 161.00 | OK | |||
r-devel-macos-x86_64 | 0.3.0 | 343.00 | OK | |||
r-devel-windows-x86_64 | 0.3.0 | 7.00 | 343.00 | 350.00 | OK | |
r-patched-linux-x86_64 | 0.3.0 | 5.30 | 388.03 | 393.33 | NOTE | |
r-release-linux-x86_64 | 0.3.0 | 5.18 | 389.21 | 394.39 | NOTE | |
r-release-macos-arm64 | 0.3.0 | 156.00 | NOTE | |||
r-release-macos-x86_64 | 0.3.0 | 256.00 | NOTE | |||
r-release-windows-x86_64 | 0.3.0 | 7.00 | 344.00 | 351.00 | NOTE | |
r-oldrel-macos-arm64 | 0.3.0 | 183.00 | NOTE | |||
r-oldrel-macos-x86_64 | 0.3.0 | 316.00 | NOTE | |||
r-oldrel-windows-x86_64 | 0.3.0 | 8.00 | 431.00 | 439.00 | NOTE |
Version: 0.3.0
Check: LazyData
Result: NOTE
'LazyData' is specified without a 'data' directory
Flavors: r-patched-linux-x86_64, r-release-linux-x86_64, r-release-macos-arm64, r-release-macos-x86_64, r-release-windows-x86_64, r-oldrel-macos-arm64, r-oldrel-macos-x86_64, r-oldrel-windows-x86_64