Last updated on 2025-04-30 04:50:19 CEST.
Flavor | Version | Tinstall | Tcheck | Ttotal | Status | Flags |
---|---|---|---|---|---|---|
r-devel-linux-x86_64-debian-clang | 0.3.0 | 6.34 | 428.80 | 435.14 | NOTE | |
r-devel-linux-x86_64-debian-gcc | 0.3.0 | 3.96 | 266.18 | 270.14 | OK | |
r-devel-linux-x86_64-fedora-clang | 0.3.0 | 764.13 | OK | |||
r-devel-linux-x86_64-fedora-gcc | 0.3.0 | 719.45 | OK | |||
r-devel-windows-x86_64 | 0.3.0 | 8.00 | 356.00 | 364.00 | OK | |
r-patched-linux-x86_64 | 0.3.0 | 6.29 | 400.68 | 406.97 | OK | |
r-release-linux-x86_64 | 0.3.0 | 5.68 | 398.68 | 404.36 | OK | |
r-release-macos-arm64 | 0.3.0 | 230.00 | OK | |||
r-release-macos-x86_64 | 0.3.0 | 343.00 | OK | |||
r-release-windows-x86_64 | 0.3.0 | 8.00 | 355.00 | 363.00 | OK | |
r-oldrel-macos-arm64 | 0.3.0 | 156.00 | NOTE | |||
r-oldrel-macos-x86_64 | 0.3.0 | 256.00 | NOTE | |||
r-oldrel-windows-x86_64 | 0.3.0 | 10.00 | 482.00 | 492.00 | NOTE |
Version: 0.3.0
Check: examples
Result: NOTE
Examples with CPU (user + system) or elapsed time > 5s
user system elapsed
sGMRFmix 5.959 0.051 7.720
compute_anomaly_score 5.456 0.174 7.564
Flavor: r-devel-linux-x86_64-debian-clang
Version: 0.3.0
Check: LazyData
Result: NOTE
'LazyData' is specified without a 'data' directory
Flavors: r-oldrel-macos-arm64, r-oldrel-macos-x86_64, r-oldrel-windows-x86_64