CRAN Package Check Results for Package sNPLS

Last updated on 2025-11-03 03:49:57 CET.

Flavor Version Tinstall Tcheck Ttotal Status Flags
r-devel-linux-x86_64-debian-clang 1.0.27 3.09 27.23 30.32 NOTE
r-devel-linux-x86_64-debian-gcc 1.0.27 1.92 21.72 23.64 NOTE
r-devel-linux-x86_64-fedora-clang 1.0.27 46.05 OK
r-devel-linux-x86_64-fedora-gcc 1.0.27 44.41 OK
r-devel-windows-x86_64 1.0.27 5.00 46.00 51.00 OK
r-patched-linux-x86_64 1.0.27 3.18 25.81 28.99 OK
r-release-linux-x86_64 1.0.27 2.72 26.05 28.77 OK
r-release-macos-arm64 1.0.27 2.00 16.00 18.00 OK
r-release-macos-x86_64 1.0.27 2.00 32.00 34.00 OK
r-release-windows-x86_64 1.0.27 5.00 45.00 50.00 OK
r-oldrel-macos-arm64 1.0.27 1.00 15.00 16.00 OK
r-oldrel-macos-x86_64 1.0.27 2.00 23.00 25.00 OK
r-oldrel-windows-x86_64 1.0.27 7.00 52.00 59.00 OK

Check Details

Version: 1.0.27
Check: CRAN incoming feasibility
Result: NOTE Maintainer: ‘David Hervas <ddhervas@yahoo.es>’ No Authors@R field in DESCRIPTION. Please add one, modifying Authors@R: person(given = "David", family = "Hervas", role = c("aut", "cre"), email = "ddhervas@yahoo.es") as necessary. Flavors: r-devel-linux-x86_64-debian-clang, r-devel-linux-x86_64-debian-gcc