CRAN Package Check Results for Package sRDA

Last updated on 2025-04-30 04:50:20 CEST.

Flavor Version Tinstall Tcheck Ttotal Status Flags
r-devel-linux-x86_64-debian-clang 1.0.0 6.29 55.00 61.29 NOTE
r-devel-linux-x86_64-debian-gcc 1.0.0 4.99 40.61 45.60 NOTE
r-devel-linux-x86_64-fedora-clang 1.0.0 98.96 OK
r-devel-linux-x86_64-fedora-gcc 1.0.0 91.04 OK
r-devel-windows-x86_64 1.0.0 8.00 73.00 81.00 OK
r-patched-linux-x86_64 1.0.0 5.41 52.12 57.53 OK
r-release-linux-x86_64 1.0.0 5.59 51.66 57.25 OK
r-release-macos-arm64 1.0.0 36.00 OK
r-release-macos-x86_64 1.0.0 70.00 OK
r-release-windows-x86_64 1.0.0 8.00 75.00 83.00 OK
r-oldrel-macos-arm64 1.0.0 31.00 NOTE
r-oldrel-macos-x86_64 1.0.0 45.00 NOTE
r-oldrel-windows-x86_64 1.0.0 9.00 81.00 90.00 NOTE

Check Details

Version: 1.0.0
Check: CRAN incoming feasibility
Result: NOTE Maintainer: ‘Attila Csala <a@csala.me>’ Found the following URLs which should use \doi (with the DOI name only): File ‘sRDA.Rd’: https://doi.org/10.1093/bioinformatics/btx374 Flavors: r-devel-linux-x86_64-debian-clang, r-devel-linux-x86_64-debian-gcc

Version: 1.0.0
Check: LazyData
Result: NOTE 'LazyData' is specified without a 'data' directory Flavors: r-oldrel-macos-arm64, r-oldrel-macos-x86_64, r-oldrel-windows-x86_64