Last updated on 2025-04-30 04:50:18 CEST.
Flavor | Version | Tinstall | Tcheck | Ttotal | Status | Flags |
---|---|---|---|---|---|---|
r-devel-linux-x86_64-debian-clang | 1.0.1 | 4.26 | 34.53 | 38.79 | NOTE | |
r-devel-linux-x86_64-debian-gcc | 1.0.1 | 2.82 | 25.97 | 28.79 | OK | |
r-devel-linux-x86_64-fedora-clang | 1.0.1 | 64.38 | OK | |||
r-devel-linux-x86_64-fedora-gcc | 1.0.1 | 59.77 | OK | |||
r-devel-windows-x86_64 | 1.0.1 | 6.00 | 55.00 | 61.00 | OK | |
r-patched-linux-x86_64 | 1.0.1 | 3.46 | 33.59 | 37.05 | OK | |
r-release-linux-x86_64 | 1.0.1 | 3.45 | 33.52 | 36.97 | OK | |
r-release-macos-arm64 | 1.0.1 | 24.00 | OK | |||
r-release-macos-x86_64 | 1.0.1 | 40.00 | OK | |||
r-release-windows-x86_64 | 1.0.1 | 6.00 | 56.00 | 62.00 | OK | |
r-oldrel-macos-arm64 | 1.0.1 | 22.00 | OK | |||
r-oldrel-macos-x86_64 | 1.0.1 | 33.00 | OK | |||
r-oldrel-windows-x86_64 | 1.0.1 | 6.00 | 60.00 | 66.00 | OK |
Version: 1.0.1
Check: examples
Result: NOTE
Examples with CPU (user + system) or elapsed time > 5s
user system elapsed
meHBNormal 5.062 0.063 7.073
Flavor: r-devel-linux-x86_64-debian-clang