Last updated on 2025-04-30 04:50:18 CEST.
Flavor | Version | Tinstall | Tcheck | Ttotal | Status | Flags |
---|---|---|---|---|---|---|
r-devel-linux-x86_64-debian-clang | 0.1.5 | 5.60 | 73.77 | 79.37 | NOTE | |
r-devel-linux-x86_64-debian-gcc | 0.1.5 | 3.85 | 55.06 | 58.91 | NOTE | |
r-devel-linux-x86_64-fedora-clang | 0.1.5 | 137.47 | OK | |||
r-devel-linux-x86_64-fedora-gcc | 0.1.5 | 139.35 | OK | |||
r-devel-windows-x86_64 | 0.1.5 | 7.00 | 104.00 | 111.00 | OK | |
r-patched-linux-x86_64 | 0.1.5 | 4.85 | 71.13 | 75.98 | OK | |
r-release-linux-x86_64 | 0.1.5 | 5.41 | 70.65 | 76.06 | OK | |
r-release-macos-arm64 | 0.1.5 | 52.00 | OK | |||
r-release-macos-x86_64 | 0.1.5 | 94.00 | OK | |||
r-release-windows-x86_64 | 0.1.5 | 7.00 | 100.00 | 107.00 | OK | |
r-oldrel-macos-arm64 | 0.1.5 | 50.00 | OK | |||
r-oldrel-macos-x86_64 | 0.1.5 | 123.00 | OK | |||
r-oldrel-windows-x86_64 | 0.1.5 | 8.00 | 110.00 | 118.00 | OK |
Version: 0.1.5
Check: examples
Result: NOTE
Examples with CPU (user + system) or elapsed time > 5s
user system elapsed
RaoYuAr1.beta 5.832 0.071 7.336
Panel.beta 4.351 0.066 5.295
Flavor: r-devel-linux-x86_64-debian-clang
Version: 0.1.5
Check: examples
Result: NOTE
Examples with CPU (user + system) or elapsed time > 5s
user system elapsed
RaoYuAr1.beta 4.251 0.064 5.324
Flavor: r-devel-linux-x86_64-debian-gcc