Last updated on 2025-11-03 03:49:55 CET.
| Flavor | Version | Tinstall | Tcheck | Ttotal | Status | Flags |
|---|---|---|---|---|---|---|
| r-devel-linux-x86_64-debian-clang | 0.2.1 | 1.85 | 20.37 | 22.22 | NOTE | |
| r-devel-linux-x86_64-debian-gcc | 0.2.1 | 1.61 | 16.87 | 18.48 | NOTE | |
| r-devel-linux-x86_64-fedora-clang | 0.2.1 | 33.17 | NOTE | |||
| r-devel-linux-x86_64-fedora-gcc | 0.2.1 | 31.99 | NOTE | |||
| r-devel-windows-x86_64 | 0.2.1 | 3.00 | 40.00 | 43.00 | NOTE | |
| r-patched-linux-x86_64 | 0.2.1 | 2.15 | 19.62 | 21.77 | NOTE | |
| r-release-linux-x86_64 | 0.2.1 | 1.93 | 19.43 | 21.36 | NOTE | |
| r-release-macos-arm64 | 0.2.1 | 1.00 | 15.00 | 16.00 | NOTE | |
| r-release-macos-x86_64 | 0.2.1 | 2.00 | 22.00 | 24.00 | NOTE | |
| r-release-windows-x86_64 | 0.2.1 | 3.00 | 39.00 | 42.00 | NOTE | |
| r-oldrel-macos-arm64 | 0.2.1 | 1.00 | 14.00 | 15.00 | NOTE | |
| r-oldrel-macos-x86_64 | 0.2.1 | 2.00 | 19.00 | 21.00 | NOTE | |
| r-oldrel-windows-x86_64 | 0.2.1 | 3.00 | 46.00 | 49.00 | NOTE |
Version: 0.2.1
Check: package subdirectories
Result: NOTE
Problems with news in ‘NEWS.md’:
No news entries found.
Flavors: r-devel-linux-x86_64-debian-clang, r-devel-linux-x86_64-debian-gcc, r-devel-linux-x86_64-fedora-clang, r-devel-linux-x86_64-fedora-gcc, r-devel-windows-x86_64, r-patched-linux-x86_64, r-release-linux-x86_64, r-release-macos-arm64, r-release-macos-x86_64, r-release-windows-x86_64, r-oldrel-macos-arm64, r-oldrel-macos-x86_64, r-oldrel-windows-x86_64
Version: 0.2.1
Check: LazyData
Result: NOTE
'LazyData' is specified without a 'data' directory
Flavors: r-oldrel-macos-arm64, r-oldrel-macos-x86_64, r-oldrel-windows-x86_64