CRAN Package Check Results for Package safestats

Last updated on 2025-04-30 04:50:18 CEST.

Flavor Version Tinstall Tcheck Ttotal Status Flags
r-devel-linux-x86_64-debian-clang 0.8.7 10.55 177.79 188.34 NOTE
r-devel-linux-x86_64-debian-gcc 0.8.7 7.53 117.79 125.32 NOTE
r-devel-linux-x86_64-fedora-clang 0.8.7 329.69 OK
r-devel-linux-x86_64-fedora-gcc 0.8.7 304.14 OK
r-devel-windows-x86_64 0.8.7 13.00 195.00 208.00 OK
r-patched-linux-x86_64 0.8.7 14.21 173.28 187.49 OK
r-release-linux-x86_64 0.8.7 8.72 171.56 180.28 OK
r-release-macos-arm64 0.8.7 82.00 OK
r-release-macos-x86_64 0.8.7 174.00 OK
r-release-windows-x86_64 0.8.7 15.00 191.00 206.00 OK
r-oldrel-macos-arm64 0.8.7 77.00 OK
r-oldrel-macos-x86_64 0.8.7 128.00 OK
r-oldrel-windows-x86_64 0.8.7 17.00 240.00 257.00 OK

Check Details

Version: 0.8.7
Check: CRAN incoming feasibility
Result: NOTE Maintainer: ‘Alexander Ly <a.ly@jasp-stats.org>’ The Description field contains (2019) "Safe Testing" <arXiv:1906.07801>, for details on safe logrank Horizon" <arXiv:2011.06931v3> and Turner, Ly and Grunwald (2021) "Safe beyond" <arXiv:2106.02693> for details on safe contingency table tests. Please refer to arXiv e-prints via their arXiv DOI <doi:10.48550/arXiv.YYMM.NNNNN>. Flavors: r-devel-linux-x86_64-debian-clang, r-devel-linux-x86_64-debian-gcc

Version: 0.8.7
Check: examples
Result: NOTE Examples with CPU (user + system) or elapsed time > 5s user system elapsed simulateCoverageDifferenceTwoProportions 6.438 0.000 8.424 plotConfidenceSequenceTwoProportions 5.611 0.000 6.566 plotHistogramDistributionStoppingTimes 4.941 0.058 5.829 replicateTTests 4.948 0.044 5.910 plotSafeTDesignSampleSizeProfile 4.794 0.008 5.177 Flavor: r-devel-linux-x86_64-debian-clang