Last updated on 2025-04-30 04:50:18 CEST.
Flavor | Version | Tinstall | Tcheck | Ttotal | Status | Flags |
---|---|---|---|---|---|---|
r-devel-linux-x86_64-debian-clang | 0.3.53 | 185.96 | 37.15 | 223.11 | NOTE | |
r-devel-linux-x86_64-debian-gcc | 0.3.53 | 143.50 | 25.45 | 168.95 | OK | |
r-devel-linux-x86_64-fedora-clang | 0.3.53 | 390.50 | OK | |||
r-devel-linux-x86_64-fedora-gcc | 0.3.53 | 360.78 | OK | |||
r-devel-windows-x86_64 | 0.3.53 | 137.00 | 62.00 | 199.00 | OK | |
r-patched-linux-x86_64 | 0.3.53 | 184.22 | 35.95 | 220.17 | OK | |
r-release-linux-x86_64 | 0.3.53 | 181.13 | 36.16 | 217.29 | OK | |
r-release-macos-arm64 | 0.3.53 | 74.00 | OK | |||
r-release-macos-x86_64 | 0.3.53 | 202.00 | OK | |||
r-release-windows-x86_64 | 0.3.53 | 172.00 | 64.00 | 236.00 | OK | |
r-oldrel-macos-arm64 | 0.3.53 | 80.00 | OK | |||
r-oldrel-macos-x86_64 | 0.3.53 | 243.00 | OK | |||
r-oldrel-windows-x86_64 | 0.3.53 | 121.00 | 77.00 | 198.00 | OK |
Version: 0.3.53
Check: examples
Result: NOTE
Examples with CPU (user + system) or elapsed time > 5s
user system elapsed
salso 5.453 0.004 7.486
Flavor: r-devel-linux-x86_64-debian-clang