Last updated on 2025-04-30 04:50:18 CEST.
Flavor | Version | Tinstall | Tcheck | Ttotal | Status | Flags |
---|---|---|---|---|---|---|
r-devel-linux-x86_64-debian-clang | 2.0.2 | 7.24 | 46.02 | 53.26 | NOTE | |
r-devel-linux-x86_64-debian-gcc | 2.0.2 | 4.40 | 33.73 | 38.13 | NOTE | |
r-devel-linux-x86_64-fedora-clang | 2.0.2 | 92.50 | OK | |||
r-devel-linux-x86_64-fedora-gcc | 2.0.2 | 93.94 | OK | |||
r-devel-windows-x86_64 | 2.0.2 | 7.00 | 82.00 | 89.00 | OK | |
r-patched-linux-x86_64 | 2.0.2 | 7.17 | 44.06 | 51.23 | OK | |
r-release-linux-x86_64 | 2.0.2 | 6.34 | 43.96 | 50.30 | OK | |
r-release-macos-arm64 | 2.0.2 | 33.00 | OK | |||
r-release-macos-x86_64 | 2.0.2 | 64.00 | OK | |||
r-release-windows-x86_64 | 2.0.2 | 8.00 | 83.00 | 91.00 | OK | |
r-oldrel-macos-arm64 | 2.0.2 | 30.00 | OK | |||
r-oldrel-macos-x86_64 | 2.0.2 | 49.00 | OK | |||
r-oldrel-windows-x86_64 | 2.0.2 | 7.00 | 80.00 | 87.00 | OK |
Version: 2.0.2
Check: CRAN incoming feasibility
Result: NOTE
Maintainer: ‘William Wheeler <WheelerB@imsweb.com>’
No Authors@R field in DESCRIPTION.
Please add one, modifying
Authors@R: c(person(given = c("Mitchell", "H."),
family = "Gail",
role = "aut"),
person(given = "William",
family = "Wheeler",
role = "cre",
email = "WheelerB@imsweb.com"))
as necessary.
Flavors: r-devel-linux-x86_64-debian-clang, r-devel-linux-x86_64-debian-gcc