Last updated on 2025-11-03 03:49:55 CET.
| Flavor | Version | Tinstall | Tcheck | Ttotal | Status | Flags |
|---|---|---|---|---|---|---|
| r-devel-linux-x86_64-debian-clang | 1.1.0 | 178.63 | 128.71 | 307.34 | OK | |
| r-devel-linux-x86_64-debian-gcc | 1.1.0 | 112.04 | 87.99 | 200.03 | OK | |
| r-devel-linux-x86_64-fedora-clang | 1.1.0 | 226.00 | 320.50 | 546.50 | OK | |
| r-devel-linux-x86_64-fedora-gcc | 1.1.0 | 278.00 | 250.83 | 528.83 | OK | |
| r-devel-windows-x86_64 | 1.1.0 | 194.00 | 161.00 | 355.00 | OK | |
| r-patched-linux-x86_64 | 1.1.0 | 174.45 | 119.91 | 294.36 | OK | |
| r-release-linux-x86_64 | 1.1.0 | 182.26 | 116.66 | 298.92 | OK | |
| r-release-macos-arm64 | 1.1.0 | 59.00 | 71.00 | 130.00 | OK | |
| r-release-macos-x86_64 | 1.1.0 | 50.00 | 126.00 | 176.00 | OK | |
| r-release-windows-x86_64 | 1.1.0 | 191.00 | 157.00 | 348.00 | OK | |
| r-oldrel-macos-arm64 | 1.1.0 | 53.00 | 64.00 | 117.00 | NOTE | |
| r-oldrel-macos-x86_64 | 1.1.0 | 58.00 | 121.00 | 179.00 | NOTE | |
| r-oldrel-windows-x86_64 | 1.1.0 | 235.00 | 199.00 | 434.00 | OK |
Version: 1.1.0
Check: installed package size
Result: NOTE
installed size is 15.0Mb
sub-directories of 1Mb or more:
libs 13.8Mb
Flavors: r-oldrel-macos-arm64, r-oldrel-macos-x86_64