Last updated on 2025-04-30 04:50:18 CEST.
Flavor | Version | Tinstall | Tcheck | Ttotal | Status | Flags |
---|---|---|---|---|---|---|
r-devel-linux-x86_64-debian-clang | 0.0.2 | 162.11 | 55.24 | 217.35 | OK | |
r-devel-linux-x86_64-debian-gcc | 0.0.2 | 129.35 | 56.94 | 186.29 | OK | |
r-devel-linux-x86_64-fedora-clang | 0.0.2 | 385.11 | OK | |||
r-devel-linux-x86_64-fedora-gcc | 0.0.2 | 429.87 | OK | |||
r-devel-windows-x86_64 | 0.0.2 | 164.00 | 107.00 | 271.00 | OK | |
r-patched-linux-x86_64 | 0.0.2 | 178.01 | 71.93 | 249.94 | OK | |
r-release-linux-x86_64 | 0.0.2 | 188.29 | 71.24 | 259.53 | OK | |
r-release-macos-arm64 | 0.0.2 | 99.00 | OK | |||
r-release-macos-x86_64 | 0.0.2 | 135.00 | OK | |||
r-release-windows-x86_64 | 0.0.2 | 165.00 | 111.00 | 276.00 | OK | |
r-oldrel-macos-arm64 | 0.0.2 | 94.00 | NOTE | |||
r-oldrel-macos-x86_64 | 0.0.2 | 111.00 | NOTE | |||
r-oldrel-windows-x86_64 | 0.0.2 | 186.00 | 116.00 | 302.00 | OK |
Version: 0.0.2
Check: installed package size
Result: NOTE
installed size is 53.6Mb
sub-directories of 1Mb or more:
libs 53.5Mb
Flavors: r-oldrel-macos-arm64, r-oldrel-macos-x86_64