Last updated on 2025-02-21 03:52:25 CET.
Flavor | Version | Tinstall | Tcheck | Ttotal | Status | Flags |
---|---|---|---|---|---|---|
r-devel-linux-x86_64-debian-clang | 0.1.0 | 2.19 | 28.06 | 30.25 | OK | |
r-devel-linux-x86_64-debian-gcc | 0.1.0 | 1.64 | 22.13 | 23.77 | OK | |
r-devel-linux-x86_64-fedora-clang | 0.1.0 | 49.55 | OK | |||
r-devel-linux-x86_64-fedora-gcc | 0.1.0 | 60.28 | OK | |||
r-devel-macos-arm64 | 0.1.0 | 26.00 | OK | |||
r-devel-macos-x86_64 | 0.1.0 | 51.00 | OK | |||
r-devel-windows-x86_64 | 0.1.0 | 3.00 | 52.00 | 55.00 | OK | |
r-patched-linux-x86_64 | 0.1.0 | 2.75 | 26.67 | 29.42 | NOTE | |
r-release-linux-x86_64 | 0.1.0 | 2.18 | 27.09 | 29.27 | NOTE | |
r-release-macos-arm64 | 0.1.0 | 26.00 | NOTE | |||
r-release-macos-x86_64 | 0.1.0 | 41.00 | NOTE | |||
r-release-windows-x86_64 | 0.1.0 | 3.00 | 50.00 | 53.00 | NOTE | |
r-oldrel-macos-arm64 | 0.1.0 | 29.00 | NOTE | |||
r-oldrel-macos-x86_64 | 0.1.0 | 36.00 | NOTE | |||
r-oldrel-windows-x86_64 | 0.1.0 | 5.00 | 76.00 | 81.00 | NOTE |
Version: 0.1.0
Check: LazyData
Result: NOTE
'LazyData' is specified without a 'data' directory
Flavors: r-patched-linux-x86_64, r-release-linux-x86_64, r-release-macos-arm64, r-release-macos-x86_64, r-release-windows-x86_64, r-oldrel-macos-arm64, r-oldrel-macos-x86_64, r-oldrel-windows-x86_64