CRAN Package Check Results for Package sanon

Last updated on 2025-04-30 04:50:18 CEST.

Flavor Version Tinstall Tcheck Ttotal Status Flags
r-devel-linux-x86_64-debian-clang 1.6 2.81 26.01 28.82 NOTE
r-devel-linux-x86_64-debian-gcc 1.6 1.85 19.67 21.52 NOTE
r-devel-linux-x86_64-fedora-clang 1.6 47.05 OK
r-devel-linux-x86_64-fedora-gcc 1.6 43.49 OK
r-devel-windows-x86_64 1.6 3.00 53.00 56.00 OK
r-patched-linux-x86_64 1.6 2.83 24.82 27.65 OK
r-release-linux-x86_64 1.6 2.70 24.71 27.41 OK
r-release-macos-arm64 1.6 19.00 OK
r-release-macos-x86_64 1.6 29.00 OK
r-release-windows-x86_64 1.6 5.00 50.00 55.00 OK
r-oldrel-macos-arm64 1.6 17.00 OK
r-oldrel-macos-x86_64 1.6 26.00 OK
r-oldrel-windows-x86_64 1.6 4.00 45.00 49.00 OK

Check Details

Version: 1.6
Check: CRAN incoming feasibility
Result: NOTE Maintainer: ‘Atsushi Kawaguchi <kawa_a24@yahoo.co.jp>’ No Authors@R field in DESCRIPTION. Please add one, modifying Authors@R: person(given = "Atsushi", family = "Kawaguchi", role = c("aut", "cre"), email = "kawa_a24@yahoo.co.jp") as necessary. Flavors: r-devel-linux-x86_64-debian-clang, r-devel-linux-x86_64-debian-gcc