CRAN Package Check Results for Package santaR

Last updated on 2025-04-30 04:50:18 CEST.

Flavor Version Tinstall Tcheck Ttotal Status Flags
r-devel-linux-x86_64-debian-clang 1.2.4 6.44 189.78 196.22 NOTE
r-devel-linux-x86_64-debian-gcc 1.2.4 4.93 130.72 135.65 NOTE
r-devel-linux-x86_64-fedora-clang 1.2.4 326.76 OK
r-devel-linux-x86_64-fedora-gcc 1.2.4 303.63 OK
r-devel-windows-x86_64 1.2.4 10.00 180.00 190.00 OK
r-patched-linux-x86_64 1.2.4 7.89 182.43 190.32 OK
r-release-linux-x86_64 1.2.4 7.01 180.57 187.58 OK
r-release-macos-arm64 1.2.4 83.00 OK
r-release-macos-x86_64 1.2.4 180.00 OK
r-release-windows-x86_64 1.2.4 10.00 171.00 181.00 OK
r-oldrel-macos-arm64 1.2.4 86.00 OK
r-oldrel-macos-x86_64 1.2.4 135.00 OK
r-oldrel-windows-x86_64 1.2.4 12.00 222.00 234.00 OK

Check Details

Version: 1.2.4
Check: CRAN incoming feasibility
Result: NOTE Maintainer: ‘Arnaud Wolfer <adwolfer@gmail.com>’ The BugReports field in DESCRIPTION has https://github.com/adwolfer/santaR/issues/new which should likely be https://github.com/adwolfer/santaR/issues/new/issues instead. Flavors: r-devel-linux-x86_64-debian-clang, r-devel-linux-x86_64-debian-gcc