Last updated on 2025-04-30 04:50:18 CEST.
Flavor | Version | Tinstall | Tcheck | Ttotal | Status | Flags |
---|---|---|---|---|---|---|
r-devel-linux-x86_64-debian-clang | 0.8.0 | 2.35 | 50.25 | 52.60 | NOTE | |
r-devel-linux-x86_64-debian-gcc | 0.8.0 | 2.02 | 34.57 | 36.59 | NOTE | |
r-devel-linux-x86_64-fedora-clang | 0.8.0 | 89.39 | NOTE | |||
r-devel-linux-x86_64-fedora-gcc | 0.8.0 | 94.37 | NOTE | |||
r-devel-windows-x86_64 | 0.8.0 | 4.00 | 72.00 | 76.00 | NOTE | |
r-patched-linux-x86_64 | 0.8.0 | 2.40 | 47.58 | 49.98 | NOTE | |
r-release-linux-x86_64 | 0.8.0 | 2.48 | 47.14 | 49.62 | NOTE | |
r-release-macos-arm64 | 0.8.0 | 40.00 | NOTE | |||
r-release-macos-x86_64 | 0.8.0 | 74.00 | NOTE | |||
r-release-windows-x86_64 | 0.8.0 | 4.00 | 69.00 | 73.00 | NOTE | |
r-oldrel-macos-arm64 | 0.8.0 | 35.00 | OK | |||
r-oldrel-macos-x86_64 | 0.8.0 | 57.00 | OK | |||
r-oldrel-windows-x86_64 | 0.8.0 | 5.00 | 78.00 | 83.00 | OK |
Version: 0.8.0
Check: DESCRIPTION meta-information
Result: NOTE
Missing dependency on R >= 4.1.0 because package code uses the pipe
|> or function shorthand \(...) syntax added in R 4.1.0.
File(s) using such syntax:
‘cmc_psat.Rd’ ‘h-fun.R’ ‘mc-test.R’ ‘tshift.R’
Flavors: r-devel-linux-x86_64-debian-clang, r-devel-linux-x86_64-debian-gcc, r-devel-linux-x86_64-fedora-clang, r-devel-linux-x86_64-fedora-gcc, r-devel-windows-x86_64, r-patched-linux-x86_64, r-release-linux-x86_64, r-release-macos-arm64, r-release-macos-x86_64, r-release-windows-x86_64
Version: 0.8.0
Check: examples
Result: NOTE
Examples with CPU (user + system) or elapsed time > 5s
user system elapsed
cmc_psat 6.614 0.063 8.664
Flavor: r-devel-linux-x86_64-debian-clang