Last updated on 2025-04-30 04:50:18 CEST.
Flavor | Version | Tinstall | Tcheck | Ttotal | Status | Flags |
---|---|---|---|---|---|---|
r-devel-linux-x86_64-debian-clang | 0.6.16 | 184.46 | 318.75 | 503.21 | OK | |
r-devel-linux-x86_64-debian-gcc | 0.6.16 | 128.26 | 309.06 | 437.32 | OK | |
r-devel-linux-x86_64-fedora-clang | 0.6.16 | 882.74 | OK | |||
r-devel-linux-x86_64-fedora-gcc | 0.6.16 | 759.58 | OK | |||
r-devel-windows-x86_64 | 0.6.16 | 14.00 | 442.00 | 456.00 | OK | |
r-patched-linux-x86_64 | 0.6.16 | 182.23 | 330.92 | 513.15 | OK | |
r-release-linux-x86_64 | 0.6.16 | 180.25 | 330.15 | 510.40 | OK | |
r-release-macos-arm64 | 0.6.16 | 343.00 | OK | |||
r-release-macos-x86_64 | 0.6.16 | 384.00 | OK | |||
r-release-windows-x86_64 | 0.6.16 | 15.00 | 408.00 | 423.00 | OK | |
r-oldrel-macos-arm64 | 0.6.16 | 353.00 | NOTE | |||
r-oldrel-macos-x86_64 | 0.6.16 | 429.00 | NOTE | |||
r-oldrel-windows-x86_64 | 0.6.16 | 16.00 | 480.00 | 496.00 | NOTE |
Version: 0.6.16
Check: installed package size
Result: NOTE
installed size is 5.3Mb
sub-directories of 1Mb or more:
bin 4.5Mb
Flavors: r-oldrel-macos-arm64, r-oldrel-macos-x86_64, r-oldrel-windows-x86_64