Last updated on 2025-11-02 03:51:54 CET.
| Flavor | Version | Tinstall | Tcheck | Ttotal | Status | Flags |
|---|---|---|---|---|---|---|
| r-devel-linux-x86_64-debian-clang | 1.2.9 | 6.52 | 94.92 | 101.44 | OK | |
| r-devel-linux-x86_64-debian-gcc | 1.2.9 | 4.62 | 71.18 | 75.80 | OK | |
| r-devel-linux-x86_64-fedora-clang | 1.2.9 | 16.00 | 138.59 | 154.59 | OK | |
| r-devel-linux-x86_64-fedora-gcc | 1.2.9 | 14.00 | 154.77 | 168.77 | OK | |
| r-devel-windows-x86_64 | 1.2.9 | 9.00 | 112.00 | 121.00 | OK | |
| r-patched-linux-x86_64 | 1.2.9 | 6.39 | 89.73 | 96.12 | OK | |
| r-release-linux-x86_64 | 1.2.9 | 5.72 | 90.09 | 95.81 | OK | |
| r-release-macos-arm64 | 1.2.9 | 4.00 | 60.00 | 64.00 | OK | |
| r-release-macos-x86_64 | 1.2.9 | 6.00 | 137.00 | 143.00 | OK | |
| r-release-windows-x86_64 | 1.2.9 | 8.00 | 109.00 | 117.00 | OK | |
| r-oldrel-macos-arm64 | 1.2.9 | 3.00 | 83.00 | 86.00 | NOTE | |
| r-oldrel-macos-x86_64 | 1.2.9 | 6.00 | 118.00 | 124.00 | NOTE | |
| r-oldrel-windows-x86_64 | 1.2.9 | 11.00 | 137.00 | 148.00 | NOTE |
Version: 1.2.9
Check: installed package size
Result: NOTE
installed size is 6.4Mb
sub-directories of 1Mb or more:
doc 5.1Mb
extdata 1.1Mb
Flavors: r-oldrel-macos-arm64, r-oldrel-macos-x86_64, r-oldrel-windows-x86_64