CRAN Package Check Results for Package satellite

Last updated on 2025-04-30 04:50:18 CEST.

Flavor Version Tinstall Tcheck Ttotal Status Flags
r-devel-linux-x86_64-debian-clang 1.0.5 44.07 352.77 396.84 NOTE
r-devel-linux-x86_64-debian-gcc 1.0.5 29.45 224.01 253.46 NOTE
r-devel-linux-x86_64-fedora-clang 1.0.5 662.03 OK
r-devel-linux-x86_64-fedora-gcc 1.0.5 691.69 OK
r-devel-windows-x86_64 1.0.5 44.00 300.00 344.00 NOTE
r-patched-linux-x86_64 1.0.5 43.83 336.24 380.07 NOTE
r-release-linux-x86_64 1.0.5 42.56 334.67 377.23 NOTE
r-release-macos-arm64 1.0.5 202.00 OK
r-release-macos-x86_64 1.0.5 460.00 OK
r-release-windows-x86_64 1.0.5 45.00 314.00 359.00 NOTE
r-oldrel-macos-arm64 1.0.5 159.00 OK
r-oldrel-macos-x86_64 1.0.5 289.00 OK
r-oldrel-windows-x86_64 1.0.5 59.00 417.00 476.00 OK

Check Details

Version: 1.0.5
Check: CRAN incoming feasibility
Result: NOTE Maintainer: ‘Florian Detsch <fdetsch@web.de>’ No Authors@R field in DESCRIPTION. Please add one, modifying Authors@R: c(person(given = "Thomas", family = "Nauss", role = "aut"), person(given = "Hanna", family = "Meyer", role = "aut"), person(given = "Tim", family = "Appelhans", role = "aut"), person(given = "Florian", family = "Detsch", role = c("aut", "cre"), email = "fdetsch@web.de")) as necessary. Flavors: r-devel-linux-x86_64-debian-clang, r-devel-linux-x86_64-debian-gcc

Version: 1.0.5
Check: Rd cross-references
Result: NOTE Found the following Rd file(s) with Rd \link{} targets missing package anchors: alignGeometry.Rd: resample, projectRaster calcTopoCorr.Rd: hillShade, writeRaster crop.Rd: extent demTools.Rd: hillShade satellite.Rd: raster Please provide package anchors for all Rd \link{} targets not in the package itself and the base packages. Flavors: r-devel-linux-x86_64-debian-clang, r-devel-linux-x86_64-debian-gcc, r-devel-windows-x86_64, r-patched-linux-x86_64, r-release-linux-x86_64, r-release-windows-x86_64