CRAN Package Check Results for Package satres

Last updated on 2025-04-30 04:50:18 CEST.

Flavor Version Tinstall Tcheck Ttotal Status Flags
r-devel-linux-x86_64-debian-clang 1.1.1 2.56 102.28 104.84 NOTE
r-devel-linux-x86_64-debian-gcc 1.1.1 1.88 71.15 73.03 NOTE
r-devel-linux-x86_64-fedora-clang 1.1.1 171.59 NOTE
r-devel-linux-x86_64-fedora-gcc 1.1.1 171.63 NOTE
r-devel-windows-x86_64 1.1.1 5.00 123.00 128.00 NOTE
r-patched-linux-x86_64 1.1.1 2.89 95.93 98.82 NOTE
r-release-linux-x86_64 1.1.1 2.32 95.86 98.18 NOTE
r-release-macos-arm64 1.1.1 60.00 NOTE
r-release-macos-x86_64 1.1.1 117.00 NOTE
r-release-windows-x86_64 1.1.1 6.00 119.00 125.00 NOTE
r-oldrel-macos-arm64 1.1.1 50.00 OK
r-oldrel-macos-x86_64 1.1.1 79.00 OK
r-oldrel-windows-x86_64 1.1.1 6.00 147.00 153.00 OK

Check Details

Version: 1.1.1
Check: DESCRIPTION meta-information
Result: NOTE Missing dependency on R >= 4.1.0 because package code uses the pipe |> or function shorthand \(...) syntax added in R 4.1.0. File(s) using such syntax: ‘as_SpatRaster.Rd’ ‘clip_bands.Rd’ ‘get_band_names.Rd’ ‘get_spatial_resolution.Rd’ ‘get_spectral_band_names.Rd’ ‘merge_tiles.Rd’ ‘save_by_resolution.Rd’ ‘select_bands.Rd’ Flavors: r-devel-linux-x86_64-debian-clang, r-devel-linux-x86_64-debian-gcc, r-devel-linux-x86_64-fedora-clang, r-devel-linux-x86_64-fedora-gcc, r-devel-windows-x86_64, r-patched-linux-x86_64, r-release-linux-x86_64, r-release-macos-arm64, r-release-macos-x86_64, r-release-windows-x86_64

Version: 1.1.1
Check: examples
Result: NOTE Examples with CPU (user + system) or elapsed time > 5s user system elapsed as_SpatRaster 7.935 0.163 11.425 Flavor: r-devel-linux-x86_64-debian-clang

Version: 1.1.1
Check: examples
Result: NOTE Examples with CPU (user + system) or elapsed time > 5s user system elapsed as_SpatRaster 4.541 0.208 5.548 Flavor: r-devel-linux-x86_64-debian-gcc