Last updated on 2025-04-30 04:50:18 CEST.
Flavor | Version | Tinstall | Tcheck | Ttotal | Status | Flags |
---|---|---|---|---|---|---|
r-devel-linux-x86_64-debian-clang | 2.0.2 | 3.83 | 37.89 | 41.72 | NOTE | |
r-devel-linux-x86_64-debian-gcc | 2.0.2 | 2.99 | 28.24 | 31.23 | NOTE | |
r-devel-linux-x86_64-fedora-clang | 2.0.2 | 66.68 | OK | |||
r-devel-linux-x86_64-fedora-gcc | 2.0.2 | 59.52 | OK | |||
r-devel-windows-x86_64 | 2.0.2 | 6.00 | 65.00 | 71.00 | OK | |
r-patched-linux-x86_64 | 2.0.2 | 3.79 | 34.21 | 38.00 | OK | |
r-release-linux-x86_64 | 2.0.2 | 4.13 | 33.91 | 38.04 | OK | |
r-release-macos-arm64 | 2.0.2 | 24.00 | OK | |||
r-release-macos-x86_64 | 2.0.2 | 39.00 | OK | |||
r-release-windows-x86_64 | 2.0.2 | 6.00 | 60.00 | 66.00 | OK | |
r-oldrel-macos-arm64 | 2.0.2 | 24.00 | NOTE | |||
r-oldrel-macos-x86_64 | 2.0.2 | 33.00 | NOTE | |||
r-oldrel-windows-x86_64 | 2.0.2 | 6.00 | 65.00 | 71.00 | NOTE |
Version: 2.0.2
Check: CRAN incoming feasibility
Result: NOTE
Maintainer: ‘Tiago Santos <teixeiradossantos@tugraz.at>’
Package CITATION file contains call(s) to old-style citEntry(). Please
use bibentry() instead.
Flavors: r-devel-linux-x86_64-debian-clang, r-devel-linux-x86_64-debian-gcc
Version: 2.0.2
Check: LazyData
Result: NOTE
'LazyData' is specified without a 'data' directory
Flavors: r-oldrel-macos-arm64, r-oldrel-macos-x86_64, r-oldrel-windows-x86_64