Last updated on 2025-04-30 04:50:18 CEST.
Flavor | Version | Tinstall | Tcheck | Ttotal | Status | Flags |
---|---|---|---|---|---|---|
r-devel-linux-x86_64-debian-clang | 0.4.7 | 35.07 | 407.93 | 443.00 | NOTE | |
r-devel-linux-x86_64-debian-gcc | 0.4.7 | 22.58 | 305.63 | 328.21 | NOTE | |
r-devel-linux-x86_64-fedora-clang | 0.4.7 | 736.55 | OK | |||
r-devel-linux-x86_64-fedora-gcc | 0.4.7 | 733.17 | OK | |||
r-devel-windows-x86_64 | 0.4.7 | 40.00 | 223.00 | 263.00 | OK | |
r-patched-linux-x86_64 | 0.4.7 | 31.87 | 394.44 | 426.31 | OK | |
r-release-linux-x86_64 | 0.4.7 | 33.34 | 399.78 | 433.12 | OK | |
r-release-macos-arm64 | 0.4.7 | 165.00 | OK | |||
r-release-macos-x86_64 | 0.4.7 | 314.00 | OK | |||
r-release-windows-x86_64 | 0.4.7 | 41.00 | 231.00 | 272.00 | OK | |
r-oldrel-macos-arm64 | 0.4.7 | 183.00 | OK | |||
r-oldrel-macos-x86_64 | 0.4.7 | 328.00 | OK | |||
r-oldrel-windows-x86_64 | 0.4.7 | 47.00 | 297.00 | 344.00 | OK |
Version: 0.4.7
Check: examples
Result: NOTE
Examples with CPU (user + system) or elapsed time > 5s
user system elapsed
estimateBipartiteSBM 6.283 2.841 11.724
estimateSimpleSBM 5.937 2.174 10.424
Flavor: r-devel-linux-x86_64-debian-clang
Version: 0.4.7
Check: examples
Result: NOTE
Examples with CPU (user + system) or elapsed time > 5s
user system elapsed
estimateBipartiteSBM 4.328 3.559 10.125
estimateSimpleSBM 3.557 2.744 7.886
Flavor: r-devel-linux-x86_64-debian-gcc