Last updated on 2025-04-30 04:50:18 CEST.
Flavor | Version | Tinstall | Tcheck | Ttotal | Status | Flags |
---|---|---|---|---|---|---|
r-devel-linux-x86_64-debian-clang | 1.4 | 15.48 | 37.64 | 53.12 | NOTE | |
r-devel-linux-x86_64-debian-gcc | 1.4 | 11.82 | 29.81 | 41.63 | OK | |
r-devel-linux-x86_64-fedora-clang | 1.4 | 100.52 | OK | |||
r-devel-linux-x86_64-fedora-gcc | 1.4 | 95.92 | OK | |||
r-devel-windows-x86_64 | 1.4 | 27.00 | 91.00 | 118.00 | OK | |
r-patched-linux-x86_64 | 1.4 | 15.28 | 37.48 | 52.76 | OK | |
r-release-linux-x86_64 | 1.4 | 15.12 | 36.55 | 51.67 | OK | |
r-release-macos-arm64 | 1.4 | 43.00 | OK | |||
r-release-macos-x86_64 | 1.4 | 61.00 | OK | |||
r-release-windows-x86_64 | 1.4 | 29.00 | 94.00 | 123.00 | OK | |
r-oldrel-macos-arm64 | 1.4 | 35.00 | OK | |||
r-oldrel-macos-x86_64 | 1.4 | 58.00 | OK | |||
r-oldrel-windows-x86_64 | 1.4 | 30.00 | 103.00 | 133.00 | OK |
Version: 1.4
Check: examples
Result: NOTE
Examples with CPU (user + system) or elapsed time > 5s
user system elapsed
predict.sbrl 3.894 0.125 5.137
Flavor: r-devel-linux-x86_64-debian-clang