CRAN Package Check Results for Package sbw

Last updated on 2025-04-30 04:50:18 CEST.

Flavor Version Tinstall Tcheck Ttotal Status Flags
r-devel-linux-x86_64-debian-clang 1.1.9 7.93 62.19 70.12 OK
r-devel-linux-x86_64-debian-gcc 1.1.9 6.02 45.48 51.50 OK
r-devel-linux-x86_64-fedora-clang 1.1.9 114.18 OK
r-devel-linux-x86_64-fedora-gcc 1.1.9 106.82 OK
r-devel-windows-x86_64 1.1.9 9.00 80.00 89.00 OK
r-patched-linux-x86_64 1.1.9 8.96 60.50 69.46 OK
r-release-linux-x86_64 1.1.9 7.43 59.41 66.84 OK
r-release-macos-arm64 1.1.9 36.00 OK
r-release-macos-x86_64 1.1.9 68.00 OK
r-release-windows-x86_64 1.1.9 9.00 82.00 91.00 OK
r-oldrel-macos-arm64 1.1.9 35.00 NOTE
r-oldrel-macos-x86_64 1.1.9 109.00 NOTE
r-oldrel-windows-x86_64 1.1.9 12.00 87.00 99.00 NOTE

Check Details

Version: 1.1.9
Check: package dependencies
Result: NOTE Packages which this enhances but not available for checking: 'gurobi', 'Rcplex', 'pogs' Flavors: r-oldrel-macos-arm64, r-oldrel-macos-x86_64, r-oldrel-windows-x86_64