Last updated on 2025-04-30 04:50:19 CEST.
Flavor | Version | Tinstall | Tcheck | Ttotal | Status | Flags |
---|---|---|---|---|---|---|
r-devel-linux-x86_64-debian-clang | 1.0.1 | 6.76 | 58.50 | 65.26 | NOTE | |
r-devel-linux-x86_64-debian-gcc | 1.0.1 | 4.70 | 44.07 | 48.77 | NOTE | |
r-devel-linux-x86_64-fedora-clang | 1.0.1 | 101.13 | NOTE | |||
r-devel-linux-x86_64-fedora-gcc | 1.0.1 | 98.08 | NOTE | |||
r-devel-windows-x86_64 | 1.0.1 | 9.00 | 72.00 | 81.00 | OK | |
r-patched-linux-x86_64 | 1.0.1 | 5.87 | 57.46 | 63.33 | OK | |
r-release-linux-x86_64 | 1.0.1 | 6.63 | 56.17 | 62.80 | OK | |
r-release-macos-arm64 | 1.0.1 | 37.00 | OK | |||
r-release-macos-x86_64 | 1.0.1 | 78.00 | OK | |||
r-release-windows-x86_64 | 1.0.1 | 9.00 | 74.00 | 83.00 | OK | |
r-oldrel-macos-arm64 | 1.0.1 | 38.00 | NOTE | |||
r-oldrel-macos-x86_64 | 1.0.1 | 48.00 | NOTE | |||
r-oldrel-windows-x86_64 | 1.0.1 | 10.00 | 80.00 | 90.00 | NOTE |
Version: 1.0.1
Check: examples
Result: NOTE
Examples with CPU (user + system) or elapsed time > 5s
user system elapsed
scTenifoldKnk 5.052 0.205 6.206
Flavor: r-devel-linux-x86_64-debian-clang
Version: 1.0.1
Check: examples
Result: NOTE
Examples with CPU (user + system) or elapsed time > 5s
user system elapsed
scTenifoldKnk 4.396 0.105 5.323
Flavor: r-devel-linux-x86_64-debian-gcc
Version: 1.0.1
Check: dependencies in R code
Result: NOTE
Namespaces in Imports field not imported from:
‘methods’ ‘pbapply’ ‘utils’
All declared Imports should be used.
Flavors: r-devel-linux-x86_64-fedora-clang, r-devel-linux-x86_64-fedora-gcc
Version: 1.0.1
Check: LazyData
Result: NOTE
'LazyData' is specified without a 'data' directory
Flavors: r-oldrel-macos-arm64, r-oldrel-macos-x86_64, r-oldrel-windows-x86_64