Last updated on 2025-04-30 04:50:18 CEST.
Flavor | Version | Tinstall | Tcheck | Ttotal | Status | Flags |
---|---|---|---|---|---|---|
r-devel-linux-x86_64-debian-clang | 1.2-18 | 29.27 | 144.66 | 173.93 | NOTE | |
r-devel-linux-x86_64-debian-gcc | 1.2-18 | 17.16 | 96.52 | 113.68 | NOTE | |
r-devel-linux-x86_64-fedora-clang | 1.2-18 | 289.08 | OK | |||
r-devel-linux-x86_64-fedora-gcc | 1.2-18 | 261.34 | OK | |||
r-devel-windows-x86_64 | 1.2-18 | 28.00 | 155.00 | 183.00 | OK | |
r-patched-linux-x86_64 | 1.2-18 | 24.20 | 140.43 | 164.63 | OK | |
r-release-linux-x86_64 | 1.2-18 | 23.51 | 143.06 | 166.57 | OK | |
r-release-macos-arm64 | 1.2-18 | 66.00 | OK | |||
r-release-macos-x86_64 | 1.2-18 | 140.00 | OK | |||
r-release-windows-x86_64 | 1.2-18 | 28.00 | 154.00 | 182.00 | OK | |
r-oldrel-macos-arm64 | 1.2-18 | 75.00 | OK | |||
r-oldrel-macos-x86_64 | 1.2-18 | 176.00 | OK | |||
r-oldrel-windows-x86_64 | 1.2-18 | 35.00 | 186.00 | 221.00 | OK |
Version: 1.2-18
Check: examples
Result: NOTE
Examples with CPU (user + system) or elapsed time > 5s
user system elapsed
plot.scam 5.901 0.05 6.943
Flavor: r-devel-linux-x86_64-debian-clang
Version: 1.2-18
Check: examples
Result: NOTE
Examples with CPU (user + system) or elapsed time > 5s
user system elapsed
plot.scam 5.322 0.045 5.369
Flavor: r-devel-linux-x86_64-debian-gcc