CRAN Package Check Results for Package scdhlm

Last updated on 2025-04-30 04:50:18 CEST.

Flavor Version Tinstall Tcheck Ttotal Status Flags
r-devel-linux-x86_64-debian-clang 0.7.3 6.36 125.24 131.60 NOTE
r-devel-linux-x86_64-debian-gcc 0.7.3 4.52 82.05 86.57 NOTE
r-devel-linux-x86_64-fedora-clang 0.7.3 203.68 OK
r-devel-linux-x86_64-fedora-gcc 0.7.3 207.35 OK
r-devel-windows-x86_64 0.7.3 9.00 142.00 151.00 OK
r-patched-linux-x86_64 0.7.3 8.31 116.75 125.06 NOTE
r-release-linux-x86_64 0.7.3 6.53 118.17 124.70 NOTE
r-release-macos-arm64 0.7.3 61.00 OK
r-release-macos-x86_64 0.7.3 137.00 OK
r-release-windows-x86_64 0.7.3 10.00 137.00 147.00 OK
r-oldrel-macos-arm64 0.7.3 66.00 OK
r-oldrel-macos-x86_64 0.7.3 98.00 OK
r-oldrel-windows-x86_64 0.7.3 12.00 174.00 186.00 OK

Check Details

Version: 0.7.3
Check: for unstated dependencies in ‘demo’
Result: NOTE 'library' or 'require' calls not declared from: ‘doSNOW’ ‘foreach’ ‘iterators’ ‘reshape’ ‘rlecuyer’ ‘snow’ Flavors: r-devel-linux-x86_64-debian-clang, r-devel-linux-x86_64-debian-gcc, r-patched-linux-x86_64, r-release-linux-x86_64