Last updated on 2025-11-02 03:51:54 CET.
| Flavor | Version | Tinstall | Tcheck | Ttotal | Status | Flags |
|---|---|---|---|---|---|---|
| r-devel-linux-x86_64-debian-clang | 1.4.6.2 | 165.33 | 87.48 | 252.81 | OK | |
| r-devel-linux-x86_64-debian-gcc | 1.4.6.2 | 128.21 | 59.67 | 187.88 | OK | |
| r-devel-linux-x86_64-fedora-clang | 1.4.6.2 | 780.00 | -273.98 | 506.02 | OK | |
| r-devel-linux-x86_64-fedora-gcc | 1.4.6.2 | 720.00 | -164.48 | 555.52 | OK | |
| r-devel-windows-x86_64 | 1.4.6.2 | 176.00 | 138.00 | 314.00 | OK | |
| r-patched-linux-x86_64 | 1.4.6.2 | 179.14 | 85.77 | 264.91 | OK | |
| r-release-linux-x86_64 | 1.4.6.2 | 182.07 | 75.48 | 257.55 | OK | |
| r-release-macos-arm64 | 1.4.6.2 | 70.00 | 69.00 | 139.00 | OK | |
| r-release-macos-x86_64 | 1.4.6.2 | 55.00 | 93.00 | 148.00 | OK | |
| r-release-windows-x86_64 | 1.4.6.2 | 180.00 | 138.00 | 318.00 | OK | |
| r-oldrel-macos-arm64 | 1.4.6.2 | 75.00 | 71.00 | 146.00 | NOTE | |
| r-oldrel-macos-x86_64 | 1.4.6.2 | 98.00 | 186.00 | 284.00 | NOTE | |
| r-oldrel-windows-x86_64 | 1.4.6.2 | 173.00 | 170.00 | 343.00 | OK |
Version: 1.4.6.2
Check: installed package size
Result: NOTE
installed size is 18.8Mb
sub-directories of 1Mb or more:
libs 18.2Mb
Flavors: r-oldrel-macos-arm64, r-oldrel-macos-x86_64