CRAN Package Check Results for Package scellpam

Last updated on 2025-04-30 04:50:18 CEST.

Flavor Version Tinstall Tcheck Ttotal Status Flags
r-devel-linux-x86_64-debian-clang 1.4.6.2 168.35 73.04 241.39 OK
r-devel-linux-x86_64-debian-gcc 1.4.6.2 126.72 57.09 183.81 OK
r-devel-linux-x86_64-fedora-clang 1.4.6.2 481.42 OK
r-devel-linux-x86_64-fedora-gcc 1.4.6.2 478.89 OK
r-devel-windows-x86_64 1.4.6.2 180.00 148.00 328.00 OK
r-patched-linux-x86_64 1.4.6.2 180.38 72.77 253.15 OK
r-release-linux-x86_64 1.4.6.2 184.82 73.64 258.46 OK
r-release-macos-arm64 1.4.6.2 139.00 OK
r-release-macos-x86_64 1.4.6.2 148.00 OK
r-release-windows-x86_64 1.4.6.2 183.00 152.00 335.00 OK
r-oldrel-macos-arm64 1.4.6.2 146.00 NOTE
r-oldrel-macos-x86_64 1.4.6.2 284.00 NOTE
r-oldrel-windows-x86_64 1.4.6.2 159.00 164.00 323.00 OK

Check Details

Version: 1.4.6.2
Check: installed package size
Result: NOTE installed size is 18.8Mb sub-directories of 1Mb or more: libs 18.2Mb Flavors: r-oldrel-macos-arm64, r-oldrel-macos-x86_64