CRAN Package Check Results for Package scgwr

Last updated on 2025-04-30 04:50:18 CEST.

Flavor Version Tinstall Tcheck Ttotal Status Flags
r-devel-linux-x86_64-debian-clang 0.1.2-21 6.14 63.26 69.40 NOTE
r-devel-linux-x86_64-debian-gcc 0.1.2-21 4.11 44.07 48.18 NOTE
r-devel-linux-x86_64-fedora-clang 0.1.2-21 99.42 OK
r-devel-linux-x86_64-fedora-gcc 0.1.2-21 90.15 OK
r-devel-windows-x86_64 0.1.2-21 7.00 69.00 76.00 OK
r-patched-linux-x86_64 0.1.2-21 5.64 58.49 64.13 OK
r-release-linux-x86_64 0.1.2-21 5.81 58.29 64.10 OK
r-release-macos-arm64 0.1.2-21 30.00 OK
r-release-macos-x86_64 0.1.2-21 53.00 OK
r-release-windows-x86_64 0.1.2-21 8.00 68.00 76.00 OK
r-oldrel-macos-arm64 0.1.2-21 31.00 OK
r-oldrel-macos-x86_64 0.1.2-21 46.00 OK
r-oldrel-windows-x86_64 0.1.2-21 8.00 78.00 86.00 OK

Check Details

Version: 0.1.2-21
Check: CRAN incoming feasibility
Result: NOTE Maintainer: ‘Daisuke Murakami <dmuraka@ism.ac.jp>’ No Authors@R field in DESCRIPTION. Please add one, modifying Authors@R: c(person(given = "Daisuke", family = "Murakami", role = c("cre", "aut"), email = "dmuraka@ism.ac.jp"), person(given = "Narumasa", family = "Tsutsumida", role = "ctb"), person(given = "Takahiro", family = "Yoshida", role = "ctb"), person(given = "Tomoki", family = "Nakaya", role = "ctb"), person(given = "Lu", family = "Binbin", role = "ctb")) as necessary. The Description field contains <arXiv:1905.00266>. Please refer to arXiv e-prints via their arXiv DOI <doi:10.48550/arXiv.YYMM.NNNNN>. Flavors: r-devel-linux-x86_64-debian-clang, r-devel-linux-x86_64-debian-gcc

Version: 0.1.2-21
Check: examples
Result: NOTE Examples with CPU (user + system) or elapsed time > 5s user system elapsed scgwr 14.913 0.047 18.941 predict0 4.028 0.071 5.241 Flavor: r-devel-linux-x86_64-debian-clang

Version: 0.1.2-21
Check: examples
Result: NOTE Examples with CPU (user + system) or elapsed time > 5s user system elapsed scgwr 8.65 0.316 11.138 Flavor: r-devel-linux-x86_64-debian-gcc