CRAN Package Check Results for Package schoenberg

Last updated on 2025-04-30 04:50:18 CEST.

Flavor Version Tinstall Tcheck Ttotal Status Flags
r-devel-linux-x86_64-debian-clang 2.0.3 1.84 19.38 21.22 NOTE
r-devel-linux-x86_64-debian-gcc 2.0.3 1.50 16.19 17.69 NOTE
r-devel-linux-x86_64-fedora-clang 2.0.3 31.36 OK
r-devel-linux-x86_64-fedora-gcc 2.0.3 29.71 OK
r-devel-windows-x86_64 2.0.3 2.00 42.00 44.00 OK
r-patched-linux-x86_64 2.0.3 1.80 17.50 19.30 OK
r-release-linux-x86_64 2.0.3 1.75 17.61 19.36 OK
r-release-macos-arm64 2.0.3 29.00 OK
r-release-macos-x86_64 2.0.3 24.00 OK
r-release-windows-x86_64 2.0.3 3.00 42.00 45.00 OK
r-oldrel-macos-arm64 2.0.3 14.00 OK
r-oldrel-macos-x86_64 2.0.3 28.00 OK
r-oldrel-windows-x86_64 2.0.3 2.00 39.00 41.00 OK

Check Details

Version: 2.0.3
Check: CRAN incoming feasibility
Result: NOTE Maintainer: ‘Jeffrey A. Dahlke <jeff.dahlke.phd@gmail.com>’ No Authors@R field in DESCRIPTION. Please add one, modifying Authors@R: person(given = c("Jeffrey", "A."), family = "Dahlke", role = c("aut", "cre"), email = "jeff.dahlke.phd@gmail.com") as necessary. Flavors: r-devel-linux-x86_64-debian-clang, r-devel-linux-x86_64-debian-gcc