Last updated on 2025-04-30 04:50:18 CEST.
Flavor | Version | Tinstall | Tcheck | Ttotal | Status | Flags |
---|---|---|---|---|---|---|
r-devel-linux-x86_64-debian-clang | 0.3.1 | 5.37 | 72.74 | 78.11 | NOTE | |
r-devel-linux-x86_64-debian-gcc | 0.3.1 | 3.25 | 50.23 | 53.48 | NOTE | |
r-devel-linux-x86_64-fedora-clang | 0.3.1 | 122.38 | OK | |||
r-devel-linux-x86_64-fedora-gcc | 0.3.1 | 127.42 | OK | |||
r-devel-windows-x86_64 | 0.3.1 | 7.00 | 96.00 | 103.00 | NOTE | |
r-patched-linux-x86_64 | 0.3.1 | 5.38 | 65.95 | 71.33 | NOTE | |
r-release-linux-x86_64 | 0.3.1 | 4.12 | 66.27 | 70.39 | NOTE | |
r-release-macos-arm64 | 0.3.1 | 50.00 | OK | |||
r-release-macos-x86_64 | 0.3.1 | 103.00 | OK | |||
r-release-windows-x86_64 | 0.3.1 | 7.00 | 95.00 | 102.00 | NOTE | |
r-oldrel-macos-arm64 | 0.3.1 | 45.00 | OK | |||
r-oldrel-macos-x86_64 | 0.3.1 | 79.00 | OK | |||
r-oldrel-windows-x86_64 | 0.3.1 | 7.00 | 114.00 | 121.00 | OK |
Version: 0.3.1
Check: CRAN incoming feasibility
Result: NOTE
Maintainer: ‘Arseniy Khvorov <khvorov45@gmail.com>’
Found the following URLs which should use \doi (with the DOI name only):
File ‘sclr.Rd’:
https://doi.org/10.1002/sim.2282
Flavors: r-devel-linux-x86_64-debian-clang, r-devel-linux-x86_64-debian-gcc
Version: 0.3.1
Check: Rd cross-references
Result: NOTE
Found the following Rd file(s) with Rd \link{} targets missing package
anchors:
sclr.Rd: broom
Please provide package anchors for all Rd \link{} targets not in the
package itself and the base packages.
Flavors: r-devel-linux-x86_64-debian-clang, r-devel-linux-x86_64-debian-gcc, r-devel-windows-x86_64, r-patched-linux-x86_64, r-release-linux-x86_64, r-release-windows-x86_64