Last updated on 2025-04-30 04:50:18 CEST.
Flavor | Version | Tinstall | Tcheck | Ttotal | Status | Flags |
---|---|---|---|---|---|---|
r-devel-linux-x86_64-debian-clang | 1.0.2 | 8.89 | 64.34 | 73.23 | NOTE | |
r-devel-linux-x86_64-debian-gcc | 1.0.2 | 6.49 | 47.56 | 54.05 | NOTE | |
r-devel-linux-x86_64-fedora-clang | 1.0.2 | 114.81 | OK | |||
r-devel-linux-x86_64-fedora-gcc | 1.0.2 | 107.87 | OK | |||
r-devel-windows-x86_64 | 1.0.2 | 9.00 | 75.00 | 84.00 | OK | |
r-patched-linux-x86_64 | 1.0.2 | 8.42 | 60.99 | 69.41 | OK | |
r-release-linux-x86_64 | 1.0.2 | 9.78 | 60.82 | 70.60 | OK | |
r-release-macos-arm64 | 1.0.2 | 34.00 | OK | |||
r-release-macos-x86_64 | 1.0.2 | 64.00 | OK | |||
r-release-windows-x86_64 | 1.0.2 | 9.00 | 74.00 | 83.00 | OK | |
r-oldrel-macos-arm64 | 1.0.2 | 29.00 | OK | |||
r-oldrel-macos-x86_64 | 1.0.2 | 51.00 | OK | |||
r-oldrel-windows-x86_64 | 1.0.2 | 12.00 | 88.00 | 100.00 | OK |
Version: 1.0.2
Check: CRAN incoming feasibility
Result: NOTE
Maintainer: ‘Jaejoon Song <jjsong2@mdanderson.org>’
No Authors@R field in DESCRIPTION.
Please add one, modifying
Authors@R: person(given = "Jaejoon",
family = "Song",
role = c("aut", "cre"),
email = "jjsong2@mdanderson.org")
as necessary.
Flavors: r-devel-linux-x86_64-debian-clang, r-devel-linux-x86_64-debian-gcc