Last updated on 2025-04-30 04:50:18 CEST.
Flavor | Version | Tinstall | Tcheck | Ttotal | Status | Flags |
---|---|---|---|---|---|---|
r-devel-linux-x86_64-debian-clang | 0.4.4 | 11.68 | 85.21 | 96.89 | NOTE | |
r-devel-linux-x86_64-debian-gcc | 0.4.4 | 6.61 | 58.73 | 65.34 | NOTE | |
r-devel-linux-x86_64-fedora-clang | 0.4.4 | 158.62 | OK | |||
r-devel-linux-x86_64-fedora-gcc | 0.4.4 | 165.24 | OK | |||
r-devel-windows-x86_64 | 0.4.4 | 12.00 | 106.00 | 118.00 | OK | |
r-patched-linux-x86_64 | 0.4.4 | 9.72 | 77.90 | 87.62 | OK | |
r-release-linux-x86_64 | 0.4.4 | 8.89 | 78.76 | 87.65 | OK | |
r-release-macos-arm64 | 0.4.4 | 51.00 | OK | |||
r-release-macos-x86_64 | 0.4.4 | 100.00 | OK | |||
r-release-windows-x86_64 | 0.4.4 | 14.00 | 107.00 | 121.00 | OK | |
r-oldrel-macos-arm64 | 0.4.4 | 53.00 | OK | |||
r-oldrel-macos-x86_64 | 0.4.4 | 80.00 | OK | |||
r-oldrel-windows-x86_64 | 0.4.4 | 16.00 | 133.00 | 149.00 | OK |
Version: 0.4.4
Check: examples
Result: NOTE
Examples with CPU (user + system) or elapsed time > 5s
user system elapsed
woebin_plot 5.616 0.180 5.418
scorecard_pmml 1.295 0.055 11.119
woebin_ply 0.161 0.036 10.311
woebin 0.066 0.000 5.775
Flavor: r-devel-linux-x86_64-debian-clang
Version: 0.4.4
Check: examples
Result: NOTE
Examples with CPU (user + system) or elapsed time > 5s
user system elapsed
scorecard_pmml 0.770 0.235 7.876
woebin_ply 0.115 0.030 7.084
Flavor: r-devel-linux-x86_64-debian-gcc