Last updated on 2025-04-30 04:50:18 CEST.
Flavor | Version | Tinstall | Tcheck | Ttotal | Status | Flags |
---|---|---|---|---|---|---|
r-devel-linux-x86_64-debian-clang | 0.1.2 | 31.95 | 30.42 | 62.37 | NOTE | |
r-devel-linux-x86_64-debian-gcc | 0.1.2 | 24.59 | 24.00 | 48.59 | NOTE | |
r-devel-linux-x86_64-fedora-clang | 0.1.2 | 109.72 | OK | |||
r-devel-linux-x86_64-fedora-gcc | 0.1.2 | 125.87 | OK | |||
r-devel-windows-x86_64 | 0.1.2 | 35.00 | 71.00 | 106.00 | OK | |
r-patched-linux-x86_64 | 0.1.2 | 32.84 | 29.26 | 62.10 | OK | |
r-release-linux-x86_64 | 0.1.2 | 31.06 | 29.27 | 60.33 | OK | |
r-release-macos-arm64 | 0.1.2 | 47.00 | OK | |||
r-release-macos-x86_64 | 0.1.2 | 58.00 | OK | |||
r-release-windows-x86_64 | 0.1.2 | 35.00 | 70.00 | 105.00 | OK | |
r-oldrel-macos-arm64 | 0.1.2 | 38.00 | OK | |||
r-oldrel-macos-x86_64 | 0.1.2 | 48.00 | OK | |||
r-oldrel-windows-x86_64 | 0.1.2 | 35.00 | 78.00 | 113.00 | OK |
Version: 0.1.2
Check: CRAN incoming feasibility
Result: NOTE
Maintainer: ‘Shota Ochi <shotaochi1990@gmail.com>’
Found the following URLs which should use \doi (with the DOI name only):
File ‘ecgca102.Rd’:
https://doi.org/10.13026/C2X30H
Flavors: r-devel-linux-x86_64-debian-clang, r-devel-linux-x86_64-debian-gcc