Last updated on 2025-02-21 03:52:25 CET.
Flavor | Version | Tinstall | Tcheck | Ttotal | Status | Flags |
---|---|---|---|---|---|---|
r-devel-linux-x86_64-debian-clang | 0.2.0 | 51.79 | 148.03 | 199.82 | NOTE | |
r-devel-linux-x86_64-debian-gcc | 0.2.0 | 39.74 | 103.85 | 143.59 | NOTE | |
r-devel-linux-x86_64-fedora-clang | 0.2.0 | 362.00 | NOTE | |||
r-devel-linux-x86_64-fedora-gcc | 0.2.0 | 365.29 | NOTE | |||
r-devel-macos-arm64 | 0.2.0 | 103.00 | OK | |||
r-devel-macos-x86_64 | 0.2.0 | 204.00 | NOTE | |||
r-devel-windows-x86_64 | 0.2.0 | 53.00 | 195.00 | 248.00 | NOTE | |
r-patched-linux-x86_64 | 0.2.0 | 56.47 | 143.03 | 199.50 | OK | |
r-release-linux-x86_64 | 0.2.0 | 53.62 | 140.95 | 194.57 | OK | |
r-release-macos-arm64 | 0.2.0 | 115.00 | NOTE | |||
r-release-macos-x86_64 | 0.2.0 | 209.00 | NOTE | |||
r-release-windows-x86_64 | 0.2.0 | 53.00 | 192.00 | 245.00 | OK | |
r-oldrel-macos-arm64 | 0.2.0 | 222.00 | NOTE | |||
r-oldrel-macos-x86_64 | 0.2.0 | 433.00 | NOTE | |||
r-oldrel-windows-x86_64 | 0.2.0 | 66.00 | 221.00 | 287.00 | OK |
Version: 0.2.0
Check: DESCRIPTION meta-information
Result: NOTE
Missing dependency on R >= 4.1.0 because package code uses the pipe
|> or function shorthand \(...) syntax added in R 4.1.0.
File(s) using such syntax:
‘plotting.R’
Flavors: r-devel-linux-x86_64-debian-clang, r-devel-linux-x86_64-debian-gcc, r-devel-linux-x86_64-fedora-clang, r-devel-linux-x86_64-fedora-gcc, r-devel-macos-x86_64, r-devel-windows-x86_64
Version: 0.2.0
Check: installed package size
Result: NOTE
installed size is 20.9Mb
sub-directories of 1Mb or more:
libs 20.2Mb
Flavors: r-release-macos-arm64, r-release-macos-x86_64, r-oldrel-macos-arm64, r-oldrel-macos-x86_64
Version: 0.2.0
Check: package dependencies
Result: NOTE
Package suggested but not available for checking: ‘glmGamPoi’
Flavors: r-oldrel-macos-arm64, r-oldrel-macos-x86_64