Last updated on 2025-02-22 05:51:50 CET.
Flavor | Version | Tinstall | Tcheck | Ttotal | Status | Flags |
---|---|---|---|---|---|---|
r-devel-linux-x86_64-debian-clang | 1.0-0 | 9.31 | 78.21 | 87.52 | NOTE | |
r-devel-linux-x86_64-debian-gcc | 1.0-0 | 6.92 | 54.88 | 61.80 | NOTE | |
r-devel-linux-x86_64-fedora-clang | 1.0-0 | 138.98 | NOTE | |||
r-devel-linux-x86_64-fedora-gcc | 1.0-0 | 134.09 | NOTE | |||
r-devel-macos-arm64 | 1.0-0 | 39.00 | NOTE | |||
r-devel-macos-x86_64 | 1.0-0 | 81.00 | NOTE | |||
r-devel-windows-x86_64 | 1.0-0 | 9.00 | 90.00 | 99.00 | NOTE | |
r-patched-linux-x86_64 | 1.0-0 | 9.25 | 73.54 | 82.79 | NOTE | |
r-release-linux-x86_64 | 1.0-0 | 8.74 | 73.26 | 82.00 | NOTE | |
r-release-macos-arm64 | 1.0-0 | 38.00 | NOTE | |||
r-release-macos-x86_64 | 1.0-0 | 57.00 | NOTE | |||
r-release-windows-x86_64 | 1.0-0 | 10.00 | 90.00 | 100.00 | NOTE | |
r-oldrel-macos-arm64 | 1.0-0 | 44.00 | NOTE | |||
r-oldrel-macos-x86_64 | 1.0-0 | 69.00 | NOTE | |||
r-oldrel-windows-x86_64 | 1.0-0 | 14.00 | 106.00 | 120.00 | NOTE |
Version: 1.0-0
Check: Rd files
Result: NOTE
checkRd: (-1) hyperpar.Rd:17: Lost braces
17 | \item{c}{denotes the expected range of eqn{f} .}
| ^
Flavors: r-devel-linux-x86_64-debian-clang, r-devel-linux-x86_64-debian-gcc, r-devel-linux-x86_64-fedora-clang, r-devel-linux-x86_64-fedora-gcc, r-devel-macos-arm64, r-devel-macos-x86_64, r-devel-windows-x86_64, r-patched-linux-x86_64, r-release-linux-x86_64, r-release-macos-arm64, r-release-macos-x86_64, r-release-windows-x86_64
Version: 1.0-0
Check: LazyData
Result: NOTE
'LazyData' is specified without a 'data' directory
Flavors: r-patched-linux-x86_64, r-release-linux-x86_64, r-release-macos-arm64, r-release-macos-x86_64, r-release-windows-x86_64, r-oldrel-macos-arm64, r-oldrel-macos-x86_64, r-oldrel-windows-x86_64