CRAN Package Check Results for Package sdafilter

Last updated on 2025-02-21 03:52:25 CET.

Flavor Version Tinstall Tcheck Ttotal Status Flags
r-devel-linux-x86_64-debian-clang 1.0.0 1.79 25.86 27.65 OK
r-devel-linux-x86_64-debian-gcc 1.0.0 1.35 19.98 21.33 OK
r-devel-linux-x86_64-fedora-clang 1.0.0 43.97 OK
r-devel-linux-x86_64-fedora-gcc 1.0.0 44.63 OK
r-devel-macos-arm64 1.0.0 19.00 OK
r-devel-macos-x86_64 1.0.0 40.00 OK
r-devel-windows-x86_64 1.0.0 3.00 46.00 49.00 OK
r-patched-linux-x86_64 1.0.0 1.77 25.49 27.26 NOTE
r-release-linux-x86_64 1.0.0 1.61 24.81 26.42 NOTE
r-release-macos-arm64 1.0.0 18.00 NOTE
r-release-macos-x86_64 1.0.0 27.00 NOTE
r-release-windows-x86_64 1.0.0 3.00 48.00 51.00 NOTE
r-oldrel-macos-arm64 1.0.0 21.00 NOTE
r-oldrel-macos-x86_64 1.0.0 26.00 NOTE
r-oldrel-windows-x86_64 1.0.0 4.00 53.00 57.00 NOTE

Check Details

Version: 1.0.0
Check: LazyData
Result: NOTE 'LazyData' is specified without a 'data' directory Flavors: r-patched-linux-x86_64, r-release-linux-x86_64, r-release-macos-arm64, r-release-macos-x86_64, r-release-windows-x86_64, r-oldrel-macos-arm64, r-oldrel-macos-x86_64, r-oldrel-windows-x86_64