Last updated on 2025-04-30 04:50:19 CEST.
Flavor | Version | Tinstall | Tcheck | Ttotal | Status | Flags |
---|---|---|---|---|---|---|
r-devel-linux-x86_64-debian-clang | 1.2-55 | 62.08 | 310.76 | 372.84 | OK | |
r-devel-linux-x86_64-debian-gcc | 1.2-55 | 46.17 | 190.46 | 236.63 | OK | |
r-devel-linux-x86_64-fedora-clang | 1.2-55 | 623.44 | OK | |||
r-devel-linux-x86_64-fedora-gcc | 1.2-55 | 590.81 | OK | |||
r-devel-windows-x86_64 | 1.2-55 | 59.00 | 246.00 | 305.00 | OK | |
r-patched-linux-x86_64 | 1.2-55 | 63.52 | 293.55 | 357.07 | OK | |
r-release-linux-x86_64 | 1.2-55 | 53.36 | 292.01 | 345.37 | OK | |
r-release-macos-arm64 | 1.2-55 | 153.00 | OK | |||
r-release-macos-x86_64 | 1.2-55 | 301.00 | OK | |||
r-release-windows-x86_64 | 1.2-55 | 59.00 | 244.00 | 303.00 | OK | |
r-oldrel-macos-arm64 | 1.2-55 | 122.00 | OK | |||
r-oldrel-macos-x86_64 | 1.2-55 | 375.00 | NOTE | |||
r-oldrel-windows-x86_64 | 1.2-55 | 79.00 | 336.00 | 415.00 | OK |
Version: 1.2-55
Check: installed package size
Result: NOTE
installed size is 5.3Mb
sub-directories of 1Mb or more:
R 3.0Mb
external 1.2Mb
Flavor: r-oldrel-macos-x86_64