Last updated on 2025-07-05 04:50:26 CEST.
Flavor | Version | Tinstall | Tcheck | Ttotal | Status | Flags |
---|---|---|---|---|---|---|
r-devel-linux-x86_64-debian-clang | 0.8.0 | 145.43 | 43.44 | 188.87 | OK | |
r-devel-linux-x86_64-debian-gcc | 0.8.0 | 98.62 | 33.31 | 131.93 | OK | |
r-devel-linux-x86_64-fedora-clang | 0.8.0 | 383.20 | OK | |||
r-devel-linux-x86_64-fedora-gcc | 0.8.0 | 320.20 | OK | |||
r-devel-windows-x86_64 | 0.8.0 | 160.00 | 84.00 | 244.00 | OK | |
r-patched-linux-x86_64 | 0.8.0 | 140.07 | 39.69 | 179.76 | OK | |
r-release-linux-x86_64 | 0.8.0 | 135.96 | 39.06 | 175.02 | OK | |
r-release-macos-arm64 | 0.8.0 | 77.00 | OK | |||
r-release-macos-x86_64 | 0.8.0 | 89.00 | OK | |||
r-release-windows-x86_64 | 0.8.0 | 161.00 | 88.00 | 249.00 | OK | |
r-oldrel-macos-arm64 | 0.8.0 | 76.00 | NOTE | |||
r-oldrel-macos-x86_64 | 0.8.0 | 61.00 | NOTE | |||
r-oldrel-windows-x86_64 | 0.8.0 | 195.00 | 102.00 | 297.00 | OK |
Version: 0.8.0
Check: installed package size
Result: NOTE
installed size is 6.8Mb
sub-directories of 1Mb or more:
libs 6.3Mb
Flavors: r-oldrel-macos-arm64, r-oldrel-macos-x86_64