CRAN Package Check Results for Package sdwd

Last updated on 2025-04-30 04:50:19 CEST.

Flavor Version Tinstall Tcheck Ttotal Status Flags
r-devel-linux-x86_64-debian-clang 1.0.5 8.33 56.19 64.52 NOTE
r-devel-linux-x86_64-debian-gcc 1.0.5 6.23 42.72 48.95 NOTE
r-devel-linux-x86_64-fedora-clang 1.0.5 97.93 OK
r-devel-linux-x86_64-fedora-gcc 1.0.5 94.03 OK
r-devel-windows-x86_64 1.0.5 11.00 78.00 89.00 OK
r-patched-linux-x86_64 1.0.5 8.56 55.24 63.80 OK
r-release-linux-x86_64 1.0.5 7.28 54.68 61.96 OK
r-release-macos-arm64 1.0.5 42.00 OK
r-release-macos-x86_64 1.0.5 57.00 OK
r-release-windows-x86_64 1.0.5 11.00 75.00 86.00 OK
r-oldrel-macos-arm64 1.0.5 33.00 OK
r-oldrel-macos-x86_64 1.0.5 46.00 OK
r-oldrel-windows-x86_64 1.0.5 13.00 83.00 96.00 OK

Check Details

Version: 1.0.5
Check: CRAN incoming feasibility
Result: NOTE Maintainer: ‘Boxiang Wang <boxiang-wang@uiowa.edu>’ No Authors@R field in DESCRIPTION. Please add one, modifying Authors@R: c(person(given = "Boxiang", family = "Wang", role = c("aut", "cre"), email = "boxiang-wang@uiowa.edu"), person(given = "Hui", family = "Zou", role = "aut")) as necessary. Flavors: r-devel-linux-x86_64-debian-clang, r-devel-linux-x86_64-debian-gcc