CRAN Package Check Results for Package season

Last updated on 2025-04-30 04:50:19 CEST.

Flavor Version Tinstall Tcheck Ttotal Status Flags
r-devel-linux-x86_64-debian-clang 0.3.15 11.67 361.59 373.26 NOTE
r-devel-linux-x86_64-debian-gcc 0.3.15 8.89 202.19 211.08 NOTE
r-devel-linux-x86_64-fedora-clang 0.3.15 619.47 OK
r-devel-linux-x86_64-fedora-gcc 0.3.15 566.95 OK
r-devel-windows-x86_64 0.3.15 14.00 310.00 324.00 NOTE
r-patched-linux-x86_64 0.3.15 10.23 341.59 351.82 NOTE
r-release-linux-x86_64 0.3.15 11.80 341.52 353.32 NOTE
r-release-macos-arm64 0.3.15 134.00 OK
r-release-macos-x86_64 0.3.15 304.00 OK
r-release-windows-x86_64 0.3.15 15.00 298.00 313.00 NOTE
r-oldrel-macos-arm64 0.3.15 128.00 OK
r-oldrel-macos-x86_64 0.3.15 219.00 OK
r-oldrel-windows-x86_64 0.3.15 17.00 453.00 470.00 OK

Check Details

Version: 0.3.15
Check: CRAN incoming feasibility
Result: NOTE Maintainer: ‘Adrian Barnett <a.barnett@qut.edu.au>’ No Authors@R field in DESCRIPTION. Please add one, modifying Authors@R: c(person(given = "Adrian", family = "Barnett", role = c("aut", "cre"), email = "a.barnett@qut.edu.au"), person(given = "Peter", family = "Baker", role = "aut"), person(given = "Oliver", family = "Hughes", role = "aut")) as necessary. Package CITATION file contains call(s) to old-style personList() or as.personList(). Please use c() on person objects instead. Package CITATION file contains call(s) to old-style citEntry(). Please use bibentry() instead. Flavors: r-devel-linux-x86_64-debian-clang, r-devel-linux-x86_64-debian-gcc

Version: 0.3.15
Check: Rd cross-references
Result: NOTE Found the following Rd file(s) with Rd \link{} targets missing package anchors: casecross.Rd: coxph Please provide package anchors for all Rd \link{} targets not in the package itself and the base packages. Flavors: r-devel-linux-x86_64-debian-clang, r-devel-linux-x86_64-debian-gcc, r-devel-windows-x86_64, r-patched-linux-x86_64, r-release-linux-x86_64, r-release-windows-x86_64