CRAN Package Check Results for Package seawaveQ

Last updated on 2025-04-30 04:50:19 CEST.

Flavor Version Tinstall Tcheck Ttotal Status Flags
r-devel-linux-x86_64-debian-clang 2.0.2 16.30 134.70 151.00 NOTE
r-devel-linux-x86_64-debian-gcc 2.0.2 10.91 96.32 107.23 NOTE
r-devel-linux-x86_64-fedora-clang 2.0.2 226.34 OK
r-devel-linux-x86_64-fedora-gcc 2.0.2 227.08 OK
r-devel-windows-x86_64 2.0.2 16.00 158.00 174.00 OK
r-patched-linux-x86_64 2.0.2 16.45 127.64 144.09 OK
r-release-linux-x86_64 2.0.2 13.59 127.78 141.37 OK
r-release-macos-arm64 2.0.2 79.00 OK
r-release-macos-x86_64 2.0.2 133.00 OK
r-release-windows-x86_64 2.0.2 16.00 157.00 173.00 OK
r-oldrel-macos-arm64 2.0.2 73.00 OK
r-oldrel-macos-x86_64 2.0.2 116.00 OK
r-oldrel-windows-x86_64 2.0.2 21.00 193.00 214.00 OK

Check Details

Version: 2.0.2
Check: CRAN incoming feasibility
Result: NOTE Maintainer: ‘Karen R. Ryberg <kryberg@usgs.gov>’ Found the following URLs which should use \doi (with the DOI name only): File ‘compwaveconv.Rd’: https://doi.org/10.1111/j.1752-1688.2008.00225.x File ‘fitswavecav.Rd’: https://dx.doi.org/10.1111/j.1752-1688.2008.00225.x File ‘loadCalculations.Rd’: https://doi.org/10.3133/sir20175006 File ‘pesticideTrendCalcs.Rd’: https://doi.org/10.3133/sir20175006 File ‘seawaveQ-package.Rd’: https://doi.org/10.3133/sir20175006 https://doi.org/10.1016/j.scitotenv.2015.06.095 https://dx.doi.org/10.3133/ofr20131255 https://dx.doi.org/10.1111/j.1752-1688.2008.00225.x Flavors: r-devel-linux-x86_64-debian-clang, r-devel-linux-x86_64-debian-gcc