Last updated on 2025-04-30 04:50:19 CEST.
Flavor | Version | Tinstall | Tcheck | Ttotal | Status | Flags |
---|---|---|---|---|---|---|
r-devel-linux-x86_64-debian-clang | 0.6 | 34.67 | 29.96 | 64.63 | NOTE | |
r-devel-linux-x86_64-debian-gcc | 0.6 | 23.25 | 23.91 | 47.16 | NOTE | |
r-devel-linux-x86_64-fedora-clang | 0.6 | 105.39 | OK | |||
r-devel-linux-x86_64-fedora-gcc | 0.6 | 106.28 | OK | |||
r-devel-windows-x86_64 | 0.6 | 35.00 | 75.00 | 110.00 | OK | |
r-patched-linux-x86_64 | 0.6 | 30.43 | 29.06 | 59.49 | OK | |
r-release-linux-x86_64 | 0.6 | 32.37 | 29.36 | 61.73 | OK | |
r-release-macos-arm64 | 0.6 | 42.00 | OK | |||
r-release-macos-x86_64 | 0.6 | 61.00 | OK | |||
r-release-windows-x86_64 | 0.6 | 36.00 | 73.00 | 109.00 | OK | |
r-oldrel-macos-arm64 | 0.6 | 35.00 | OK | |||
r-oldrel-macos-x86_64 | 0.6 | 44.00 | OK | |||
r-oldrel-windows-x86_64 | 0.6 | 41.00 | 82.00 | 123.00 | OK |
Version: 0.6
Check: CRAN incoming feasibility
Result: NOTE
Maintainer: ‘Aditya Mishra <aditya.mishra@uconn.edu>’
No Authors@R field in DESCRIPTION.
Please add one, modifying
Authors@R: c(person(given = "Aditya",
family = "Mishra",
role = c("aut", "cre"),
email = "aditya.mishra@uconn.edu"),
person(given = "Kun",
family = "Chen",
role = c("aut", "cre")))
as necessary.
Flavors: r-devel-linux-x86_64-debian-clang, r-devel-linux-x86_64-debian-gcc
Version: 0.6
Check: examples
Result: NOTE
Examples with CPU (user + system) or elapsed time > 5s
user system elapsed
secure.path 4.466 0.015 5.554
Flavor: r-devel-linux-x86_64-debian-clang