Last updated on 2025-04-30 04:50:19 CEST.
Flavor | Version | Tinstall | Tcheck | Ttotal | Status | Flags |
---|---|---|---|---|---|---|
r-devel-linux-x86_64-debian-clang | 0.11.0 | 11.75 | 197.48 | 209.23 | NOTE | |
r-devel-linux-x86_64-debian-gcc | 0.11.0 | 7.38 | 130.43 | 137.81 | NOTE | |
r-devel-linux-x86_64-fedora-clang | 0.11.0 | 357.66 | OK | |||
r-devel-linux-x86_64-fedora-gcc | 0.11.0 | 347.49 | OK | |||
r-devel-windows-x86_64 | 0.11.0 | 16.00 | 194.00 | 210.00 | OK | |
r-patched-linux-x86_64 | 0.11.0 | 13.76 | 187.96 | 201.72 | OK | |
r-release-linux-x86_64 | 0.11.0 | 12.38 | 187.73 | 200.11 | OK | |
r-release-macos-arm64 | 0.11.0 | 101.00 | OK | |||
r-release-macos-x86_64 | 0.11.0 | 134.00 | OK | |||
r-release-windows-x86_64 | 0.11.0 | 17.00 | 210.00 | 227.00 | OK | |
r-oldrel-macos-arm64 | 0.11.0 | 80.00 | OK | |||
r-oldrel-macos-x86_64 | 0.11.0 | 136.00 | OK | |||
r-oldrel-windows-x86_64 | 0.11.0 | 19.00 | 256.00 | 275.00 | OK |
Version: 0.11.0
Check: examples
Result: NOTE
Examples with CPU (user + system) or elapsed time > 5s
user system elapsed
add_plot_attributes 6.159 0.304 7.935
plot.see_check_dag 6.207 0.067 8.824
Flavor: r-devel-linux-x86_64-debian-clang
Version: 0.11.0
Check: examples
Result: NOTE
Examples with CPU (user + system) or elapsed time > 5s
user system elapsed
add_plot_attributes 4.224 0.352 5.978
Flavor: r-devel-linux-x86_64-debian-gcc