Last updated on 2025-02-22 05:51:50 CET.
Flavor | Version | Tinstall | Tcheck | Ttotal | Status | Flags |
---|---|---|---|---|---|---|
r-devel-linux-x86_64-debian-clang | 3.1 | 10.95 | 80.43 | 91.38 | NOTE | |
r-devel-linux-x86_64-debian-gcc | 3.1 | 7.64 | 59.51 | 67.15 | NOTE | |
r-devel-linux-x86_64-fedora-clang | 3.1 | 146.91 | NOTE | |||
r-devel-linux-x86_64-fedora-gcc | 3.1 | 138.13 | NOTE | |||
r-devel-macos-arm64 | 3.1 | 42.00 | NOTE | |||
r-devel-macos-x86_64 | 3.1 | 70.00 | NOTE | |||
r-devel-windows-x86_64 | 3.1 | 11.00 | 92.00 | 103.00 | NOTE | |
r-patched-linux-x86_64 | 3.1 | 9.23 | 77.23 | 86.46 | NOTE | |
r-release-linux-x86_64 | 3.1 | 7.56 | 77.81 | 85.37 | NOTE | |
r-release-macos-arm64 | 3.1 | 39.00 | NOTE | |||
r-release-macos-x86_64 | 3.1 | 62.00 | NOTE | |||
r-release-windows-x86_64 | 3.1 | 11.00 | 91.00 | 102.00 | NOTE | |
r-oldrel-macos-arm64 | 3.1 | 52.00 | OK | |||
r-oldrel-macos-x86_64 | 3.1 | 83.00 | OK | |||
r-oldrel-windows-x86_64 | 3.1 | 13.00 | 108.00 | 121.00 | OK |
Version: 3.1
Check: Rd files
Result: NOTE
checkRd: (-1) seedCCA.Rd:17: Lost braces; missing escapes or markup?
17 | \item{u}{numeric, maximum number of projections. The default is 10. This is used for \code{type="seed1"}, \code{type="seed2"} and {tyepe="pls"}.}
| ^
Flavors: r-devel-linux-x86_64-debian-clang, r-devel-linux-x86_64-debian-gcc, r-devel-linux-x86_64-fedora-clang, r-devel-linux-x86_64-fedora-gcc, r-devel-macos-arm64, r-devel-macos-x86_64, r-devel-windows-x86_64, r-patched-linux-x86_64, r-release-linux-x86_64, r-release-macos-arm64, r-release-macos-x86_64, r-release-windows-x86_64