CRAN Package Check Results for Package seeds

Last updated on 2025-04-30 04:50:19 CEST.

Flavor Version Tinstall Tcheck Ttotal Status Flags
r-devel-linux-x86_64-debian-clang 0.9.1 7.48 59.43 66.91 NOTE
r-devel-linux-x86_64-debian-gcc 0.9.1 5.07 41.85 46.92 NOTE
r-devel-linux-x86_64-fedora-clang 0.9.1 106.89 OK
r-devel-linux-x86_64-fedora-gcc 0.9.1 112.31 OK
r-devel-windows-x86_64 0.9.1 8.00 79.00 87.00 NOTE
r-patched-linux-x86_64 0.9.1 6.95 56.11 63.06 NOTE
r-release-linux-x86_64 0.9.1 7.00 55.69 62.69 NOTE
r-release-macos-arm64 0.9.1 44.00 OK
r-release-macos-x86_64 0.9.1 69.00 OK
r-release-windows-x86_64 0.9.1 11.00 75.00 86.00 NOTE
r-oldrel-macos-arm64 0.9.1 39.00 NOTE
r-oldrel-macos-x86_64 0.9.1 62.00 NOTE
r-oldrel-windows-x86_64 0.9.1 11.00 90.00 101.00 OK

Check Details

Version: 0.9.1
Check: CRAN incoming feasibility
Result: NOTE Maintainer: ‘Tobias Newmiwaka <tobias.newmiwaka@gmail.com>’ Found the following URLs which should use \doi (with the DOI name only): File ‘uvbData.Rd’: https://doi.org/10.1073/pnas.1412050111 Flavors: r-devel-linux-x86_64-debian-clang, r-devel-linux-x86_64-debian-gcc

Version: 0.9.1
Check: Rd cross-references
Result: NOTE Found the following Rd file(s) with Rd \link{} targets missing package anchors: seeds-package.Rd: Deriv, ode Please provide package anchors for all Rd \link{} targets not in the package itself and the base packages. Flavors: r-devel-linux-x86_64-debian-clang, r-devel-linux-x86_64-debian-gcc, r-devel-windows-x86_64, r-patched-linux-x86_64, r-release-linux-x86_64, r-release-windows-x86_64

Version: 0.9.1
Check: examples
Result: NOTE Examples with CPU (user + system) or elapsed time > 5s user system elapsed plotAnno 6.089 0.098 8.644 plotseeds 4.801 0.047 7.098 print-seeds 4.442 0.047 7.104 Flavor: r-devel-linux-x86_64-debian-clang

Version: 0.9.1
Check: package dependencies
Result: NOTE Package suggested but not available for checking: ‘rsbml’ Flavors: r-oldrel-macos-arm64, r-oldrel-macos-x86_64