CRAN Package Check Results for Package seewave

Last updated on 2025-04-30 04:50:19 CEST.

Flavor Version Tinstall Tcheck Ttotal Status Flags
r-devel-linux-x86_64-debian-clang 2.2.3 12.95 143.56 156.51 NOTE
r-devel-linux-x86_64-debian-gcc 2.2.3 7.78 98.77 106.55 NOTE
r-devel-linux-x86_64-fedora-clang 2.2.3 238.45 OK
r-devel-linux-x86_64-fedora-gcc 2.2.3 247.11 OK
r-devel-windows-x86_64 2.2.3 13.00 203.00 216.00 NOTE
r-patched-linux-x86_64 2.2.3 16.41 137.60 154.01 NOTE
r-release-linux-x86_64 2.2.3 11.04 134.59 145.63 NOTE
r-release-macos-arm64 2.2.3 72.00 OK
r-release-macos-x86_64 2.2.3 152.00 OK
r-release-windows-x86_64 2.2.3 17.00 203.00 220.00 NOTE
r-oldrel-macos-arm64 2.2.3 72.00 OK
r-oldrel-macos-x86_64 2.2.3 171.00 OK
r-oldrel-windows-x86_64 2.2.3 17.00 237.00 254.00 OK

Check Details

Version: 2.2.3
Check: Rd cross-references
Result: NOTE Found the following Rd file(s) with Rd \link{} targets missing package anchors: noisew.Rd: pulse synth.Rd: pulse synth2.Rd: pulse Please provide package anchors for all Rd \link{} targets not in the package itself and the base packages. Flavors: r-devel-linux-x86_64-debian-clang, r-devel-linux-x86_64-debian-gcc, r-devel-windows-x86_64, r-patched-linux-x86_64, r-release-linux-x86_64, r-release-windows-x86_64