CRAN Package Check Results for Package segmetric

Last updated on 2025-04-30 04:50:19 CEST.

Flavor Version Tinstall Tcheck Ttotal Status Flags
r-devel-linux-x86_64-debian-clang 0.3.0 5.31 58.34 63.65 NOTE
r-devel-linux-x86_64-debian-gcc 0.3.0 4.10 44.11 48.21 NOTE
r-devel-linux-x86_64-fedora-clang 0.3.0 94.42 OK
r-devel-linux-x86_64-fedora-gcc 0.3.0 94.78 OK
r-devel-windows-x86_64 0.3.0 6.00 75.00 81.00 OK
r-patched-linux-x86_64 0.3.0 6.15 54.95 61.10 OK
r-release-linux-x86_64 0.3.0 4.61 54.98 59.59 OK
r-release-macos-arm64 0.3.0 41.00 OK
r-release-macos-x86_64 0.3.0 57.00 OK
r-release-windows-x86_64 0.3.0 7.00 73.00 80.00 OK
r-oldrel-macos-arm64 0.3.0 32.00 OK
r-oldrel-macos-x86_64 0.3.0 44.00 OK
r-oldrel-windows-x86_64 0.3.0 9.00 86.00 95.00 OK

Check Details

Version: 0.3.0
Check: CRAN incoming feasibility
Result: NOTE Maintainer: ‘Michelle Picoli <mipicoli@gmail.com>’ Package CITATION file contains call(s) to old-style citEntry(). Please use bibentry() instead. Flavors: r-devel-linux-x86_64-debian-clang, r-devel-linux-x86_64-debian-gcc