Last updated on 2025-04-30 04:50:19 CEST.
Flavor | Version | Tinstall | Tcheck | Ttotal | Status | Flags |
---|---|---|---|---|---|---|
r-devel-linux-x86_64-debian-clang | 0.6 | 8.19 | 66.92 | 75.11 | NOTE | |
r-devel-linux-x86_64-debian-gcc | 0.6 | 7.19 | 50.42 | 57.61 | NOTE | |
r-devel-linux-x86_64-fedora-clang | 0.7 | 129.06 | OK | |||
r-devel-linux-x86_64-fedora-gcc | 0.7 | 115.04 | OK | |||
r-devel-windows-x86_64 | 0.6 | 9.00 | 81.00 | 90.00 | OK | |
r-patched-linux-x86_64 | 0.6 | 8.51 | 65.97 | 74.48 | OK | |
r-release-linux-x86_64 | 0.6 | 8.11 | 65.25 | 73.36 | OK | |
r-release-macos-arm64 | 0.7 | 35.00 | OK | |||
r-release-macos-x86_64 | 0.7 | 85.00 | OK | |||
r-release-windows-x86_64 | 0.7 | 12.00 | 79.00 | 91.00 | OK | |
r-oldrel-macos-arm64 | 0.7 | 41.00 | OK | |||
r-oldrel-macos-x86_64 | 0.7 | 89.00 | OK | |||
r-oldrel-windows-x86_64 | 0.6 | 12.00 | 95.00 | 107.00 | OK |
Version: 0.6
Check: CRAN incoming feasibility
Result: NOTE
Maintainer: ‘Marcelino de la Cruz <marcelino.delacruz@urjc.es>’
No Authors@R field in DESCRIPTION.
Please add one, modifying
Authors@R: person(given = "Marcelino",
family = "de la Cruz",
role = c("aut", "cre"),
email = "marcelino.delacruz@urjc.es")
as necessary.
Flavors: r-devel-linux-x86_64-debian-clang, r-devel-linux-x86_64-debian-gcc